{"id":44701,"date":"2023-12-12T10:46:06","date_gmt":"2023-12-12T09:46:06","guid":{"rendered":"https:\/\/pet-shopping.de\/shop\/produkt\/karlie-buerste-fuer-katzenbabies\/"},"modified":"2023-12-12T10:46:08","modified_gmt":"2023-12-12T09:46:08","slug":"karlie-buerste-fuer-katzenbabies","status":"publish","type":"product","link":"https:\/\/all-pets.de\/shop\/produkt\/karlie-buerste-fuer-katzenbabies\/","title":{"rendered":"Karlie B\u00fcrste f\u00fcr Katzenbabies"},"content":{"rendered":"<p>Blaue Pflegeb\u00fcrste speziell f\u00fcr Katzenbabies aus der Karlie Perfect Care Pflegeserie. <BR><BR>&#8211; Gr\u00f6\u00dfe: 18 cm.<\/p>\n","protected":false},"excerpt":{"rendered":"<p>Blaue Pflegeb\u00fcrste speziell f\u00fcr Katzenbabies aus der Karlie Perfect Care Pflegeserie. &#8211; Gr\u00f6\u00dfe: 18 cm.<\/p>\n","protected":false},"featured_media":14327,"comment_status":"closed","ping_status":"open","template":"","meta":[],"product_cat":[13699],"product_tag":[],"class_list":{"0":"post-44701","1":"product","2":"type-product","3":"status-publish","4":"has-post-thumbnail","6":"product_cat-aufzucht","8":"first","9":"instock","10":"taxable","11":"shipping-taxable","12":"purchasable","13":"product-type-simple"},"_links":{"self":[{"href":"https:\/\/all-pets.de\/shop\/wp-json\/wp\/v2\/product\/44701","targetHints":{"allow":["GET"]}}],"collection":[{"href":"https:\/\/all-pets.de\/shop\/wp-json\/wp\/v2\/product"}],"about":[{"href":"https:\/\/all-pets.de\/shop\/wp-json\/wp\/v2\/types\/product"}],"replies":[{"embeddable":true,"href":"https:\/\/all-pets.de\/shop\/wp-json\/wp\/v2\/comments?post=44701"}],"wp:featuredmedia":[{"embeddable":true,"href":"https:\/\/all-pets.de\/shop\/wp-json\/wp\/v2\/media\/14327"}],"wp:attachment":[{"href":"https:\/\/all-pets.de\/shop\/wp-json\/wp\/v2\/media?parent=44701"}],"wp:term":[{"taxonomy":"product_cat","embeddable":true,"href":"https:\/\/all-pets.de\/shop\/wp-json\/wp\/v2\/product_cat?post=44701"},{"taxonomy":"product_tag","embeddable":true,"href":"https:\/\/all-pets.de\/shop\/wp-json\/wp\/v2\/product_tag?post=44701"}],"curies":[{"name":"wp","href":"https:\/\/api.w.org\/{rel}","templated":true}]}}