{"id":44739,"date":"2023-12-12T10:46:16","date_gmt":"2023-12-12T09:46:16","guid":{"rendered":"https:\/\/pet-shopping.de\/shop\/produkt\/karlie-kitty-minzie-cat-n-play-ball-set\/"},"modified":"2023-12-12T10:46:18","modified_gmt":"2023-12-12T09:46:18","slug":"karlie-kitty-minzie-cat-n-play-ball-set","status":"publish","type":"product","link":"https:\/\/all-pets.de\/shop\/produkt\/karlie-kitty-minzie-cat-n-play-ball-set\/","title":{"rendered":"Karlie Kitty Minzie CAT N PLAY Ball-Set"},"content":{"rendered":"<div>Reagiert Ihre Katze positiv auf Katzenminze? Dann wird sie das Katzenspielzeug Kitty Minzie von Karlie lieben. Denn dieser tolle Plastikball duftet wunderbar nach Katzenminze. <\/div>\n<div>Wenn der Geruch nachl\u00e4sst, k\u00f6nnen Sie ihn ganz einfach mit der mitgelieferten Flasche mit Katzenminze wieder aktivieren. Der Ball verf\u00fcgt \u00fcber einen absorbierenden Innenteil, damit die Katzenminze gut aufgenommen werden kann. Mit diesem Katzenspielzeug von Karlie wird Ihre Katze stundenlangen Spa\u00df haben. <\/div>\n<div><\/div>\n<div>&#8211; Aus Kunststoff hergestellt <\/div>\n<div>&#8211; Inklusive saugf\u00e4higem Innenteil <\/div>\n<div>&#8211; Mit 10 ml Flasche gef\u00fcllt mit Katzenminze <\/div>\n<div>&#8211; Ma\u00dfe: ca. 5 x 5 x 5 cm<\/div>\n<div> <font size=\"1\">(Eine Farbwahl ist leider nicht m\u00f6glich. Die Farbe wird je nach Lagerbestand gew\u00e4hlt.)<\/font><\/div>\n","protected":false},"excerpt":{"rendered":"<p>Reagiert Ihre Katze positiv auf Katzenminze? Dann wird sie das Katzenspielzeug Kitty Minzie von Karlie lieben. Denn dieser tolle Plastikball duftet wunderbar nach Katzenminze. Wenn der Geruch nachl\u00e4sst, k\u00f6nnen Sie ihn ganz einfach mit der mitgelieferten Flasche mit Katzenminze wieder aktivieren. Der Ball verf\u00fcgt \u00fcber einen absorbierenden Innenteil, damit die Katzenminze gut aufgenommen werden kann. [&hellip;]<\/p>\n","protected":false},"featured_media":14702,"comment_status":"closed","ping_status":"open","template":"","meta":[],"product_cat":[13702],"product_tag":[],"class_list":{"0":"post-44739","1":"product","2":"type-product","3":"status-publish","4":"has-post-thumbnail","6":"product_cat-catnip-baldrian-spielzeug-katzenspielzeug","8":"first","9":"instock","10":"taxable","11":"shipping-taxable","12":"purchasable","13":"product-type-simple"},"_links":{"self":[{"href":"https:\/\/all-pets.de\/shop\/wp-json\/wp\/v2\/product\/44739","targetHints":{"allow":["GET"]}}],"collection":[{"href":"https:\/\/all-pets.de\/shop\/wp-json\/wp\/v2\/product"}],"about":[{"href":"https:\/\/all-pets.de\/shop\/wp-json\/wp\/v2\/types\/product"}],"replies":[{"embeddable":true,"href":"https:\/\/all-pets.de\/shop\/wp-json\/wp\/v2\/comments?post=44739"}],"wp:featuredmedia":[{"embeddable":true,"href":"https:\/\/all-pets.de\/shop\/wp-json\/wp\/v2\/media\/14702"}],"wp:attachment":[{"href":"https:\/\/all-pets.de\/shop\/wp-json\/wp\/v2\/media?parent=44739"}],"wp:term":[{"taxonomy":"product_cat","embeddable":true,"href":"https:\/\/all-pets.de\/shop\/wp-json\/wp\/v2\/product_cat?post=44739"},{"taxonomy":"product_tag","embeddable":true,"href":"https:\/\/all-pets.de\/shop\/wp-json\/wp\/v2\/product_tag?post=44739"}],"curies":[{"name":"wp","href":"https:\/\/api.w.org\/{rel}","templated":true}]}}