{"id":44778,"date":"2023-12-12T10:46:25","date_gmt":"2023-12-12T09:46:25","guid":{"rendered":"https:\/\/pet-shopping.de\/shop\/produkt\/karlie-staub-und-flohkamm-fuer-streicheltiere\/"},"modified":"2023-12-12T10:46:25","modified_gmt":"2023-12-12T09:46:25","slug":"karlie-staub-und-flohkamm-fuer-streicheltiere","status":"publish","type":"product","link":"https:\/\/all-pets.de\/shop\/produkt\/karlie-staub-und-flohkamm-fuer-streicheltiere\/","title":{"rendered":"Karlie Staub- und Flohkamm f\u00fcr Streicheltiere"},"content":{"rendered":"<p>Staub- und Flohkamm f\u00fcr Streicheltiere aus der Karlie Perfect Care Pflegeserie. F\u00fcr langes und kurzes Fell.<\/p>\n<p> &#8211; Gr\u00f6\u00dfe: 13,5 cm.<\/p>\n","protected":false},"excerpt":{"rendered":"<p>Staub- und Flohkamm f\u00fcr Streicheltiere aus der Karlie Perfect Care Pflegeserie. F\u00fcr langes und kurzes Fell. &#8211; Gr\u00f6\u00dfe: 13,5 cm.<\/p>\n","protected":false},"featured_media":15087,"comment_status":"closed","ping_status":"open","template":"","meta":[],"product_cat":[13706],"product_tag":[],"class_list":{"0":"post-44778","1":"product","2":"type-product","3":"status-publish","4":"has-post-thumbnail","6":"product_cat-fellpflege","8":"first","9":"instock","10":"taxable","11":"shipping-taxable","12":"purchasable","13":"product-type-simple"},"_links":{"self":[{"href":"https:\/\/all-pets.de\/shop\/wp-json\/wp\/v2\/product\/44778","targetHints":{"allow":["GET"]}}],"collection":[{"href":"https:\/\/all-pets.de\/shop\/wp-json\/wp\/v2\/product"}],"about":[{"href":"https:\/\/all-pets.de\/shop\/wp-json\/wp\/v2\/types\/product"}],"replies":[{"embeddable":true,"href":"https:\/\/all-pets.de\/shop\/wp-json\/wp\/v2\/comments?post=44778"}],"wp:featuredmedia":[{"embeddable":true,"href":"https:\/\/all-pets.de\/shop\/wp-json\/wp\/v2\/media\/15087"}],"wp:attachment":[{"href":"https:\/\/all-pets.de\/shop\/wp-json\/wp\/v2\/media?parent=44778"}],"wp:term":[{"taxonomy":"product_cat","embeddable":true,"href":"https:\/\/all-pets.de\/shop\/wp-json\/wp\/v2\/product_cat?post=44778"},{"taxonomy":"product_tag","embeddable":true,"href":"https:\/\/all-pets.de\/shop\/wp-json\/wp\/v2\/product_tag?post=44778"}],"curies":[{"name":"wp","href":"https:\/\/api.w.org\/{rel}","templated":true}]}}