{"id":44780,"date":"2023-12-12T10:46:25","date_gmt":"2023-12-12T09:46:25","guid":{"rendered":"https:\/\/pet-shopping.de\/shop\/produkt\/karlie-swifty-hunde-kottuete\/"},"modified":"2023-12-12T10:46:25","modified_gmt":"2023-12-12T09:46:25","slug":"karlie-swifty-hunde-kottuete","status":"publish","type":"product","link":"https:\/\/all-pets.de\/shop\/produkt\/karlie-swifty-hunde-kottuete\/","title":{"rendered":"Karlie SWIFTY Hunde-Kott\u00fcte"},"content":{"rendered":"<p>Hundekott\u00fcte Swifty in praktischer Dispenser Box. Die Box kann an Leine, Halsband, G\u00fcrtel oder Tasche befestigt werden. Damit sind Sie immer bestens ger\u00fcstet. Hat Ihr Hund sein &#8222;gro\u00dfes Gesch\u00e4ft&#8220; gemacht, brauchen Sie Swifty einfach nur aus der Box entnehmen und wie einen Handschuh \u00fcber Ihre Hand streifen. Jetzt k\u00f6nnen Sie den Hundekot sicher und sauber aufnehmen und entsorgen. Mit dem integrierten Hygienestreifen k\u00f6nnen Sie den After Ihres Tieres schnell und sauber ausputzen. Inklusive 2 Rollen mit je 8 T\u00fcten. Ersatzt\u00fcten sind erh\u00e4ltlich zu 3 Rollen mit je 8 T\u00fcten.<\/p>\n","protected":false},"excerpt":{"rendered":"<p>Hundekott\u00fcte Swifty in praktischer Dispenser Box. Die Box kann an Leine, Halsband, G\u00fcrtel oder Tasche befestigt werden. Damit sind Sie immer bestens ger\u00fcstet. Hat Ihr Hund sein &#8222;gro\u00dfes Gesch\u00e4ft&#8220; gemacht, brauchen Sie Swifty einfach nur aus der Box entnehmen und wie einen Handschuh \u00fcber Ihre Hand streifen. Jetzt k\u00f6nnen Sie den Hundekot sicher und sauber [&hellip;]<\/p>\n","protected":false},"featured_media":15118,"comment_status":"closed","ping_status":"open","template":"","meta":[],"product_cat":[13757],"product_tag":[],"class_list":{"0":"post-44780","1":"product","2":"type-product","3":"status-publish","4":"has-post-thumbnail","6":"product_cat-hundetoiletten-hygiene","8":"first","9":"instock","10":"taxable","11":"shipping-taxable","12":"purchasable","13":"product-type-simple"},"_links":{"self":[{"href":"https:\/\/all-pets.de\/shop\/wp-json\/wp\/v2\/product\/44780","targetHints":{"allow":["GET"]}}],"collection":[{"href":"https:\/\/all-pets.de\/shop\/wp-json\/wp\/v2\/product"}],"about":[{"href":"https:\/\/all-pets.de\/shop\/wp-json\/wp\/v2\/types\/product"}],"replies":[{"embeddable":true,"href":"https:\/\/all-pets.de\/shop\/wp-json\/wp\/v2\/comments?post=44780"}],"wp:featuredmedia":[{"embeddable":true,"href":"https:\/\/all-pets.de\/shop\/wp-json\/wp\/v2\/media\/15118"}],"wp:attachment":[{"href":"https:\/\/all-pets.de\/shop\/wp-json\/wp\/v2\/media?parent=44780"}],"wp:term":[{"taxonomy":"product_cat","embeddable":true,"href":"https:\/\/all-pets.de\/shop\/wp-json\/wp\/v2\/product_cat?post=44780"},{"taxonomy":"product_tag","embeddable":true,"href":"https:\/\/all-pets.de\/shop\/wp-json\/wp\/v2\/product_tag?post=44780"}],"curies":[{"name":"wp","href":"https:\/\/api.w.org\/{rel}","templated":true}]}}