{"id":44788,"date":"2023-12-12T10:46:25","date_gmt":"2023-12-12T09:46:25","guid":{"rendered":"https:\/\/pet-shopping.de\/shop\/produkt\/karlie-vordersitzbezug-cover-up\/"},"modified":"2023-12-12T10:46:26","modified_gmt":"2023-12-12T09:46:26","slug":"karlie-vordersitzbezug-cover-up","status":"publish","type":"product","link":"https:\/\/all-pets.de\/shop\/produkt\/karlie-vordersitzbezug-cover-up\/","title":{"rendered":"Karlie Vordersitzbezug COVER-UP"},"content":{"rendered":"<p>Vordersitzbezug COVER-UP <br \/> Schonbezug f\u00fcr Autositze <\/p>\n<p>Schont Ihre Autositze optimal vor Schmutz, N\u00e4sse und Tierhaaren. In praktischen Utensilientaschen k\u00f6nnen Hundespielzeug, Hundeleinen ect. verstaut werden. <\/p>\n<p>&#8211; Universalgr\u00f6\u00dfe f\u00fcr Vordersitz mit Kopfst\u00fctze <br \/> &#8211; Pflegeleichtes, strapazierf\u00e4higes Nylon <br \/> &#8211; Abwaschbar<\/p>\n","protected":false},"excerpt":{"rendered":"<p>Vordersitzbezug COVER-UP Schonbezug f\u00fcr Autositze Schont Ihre Autositze optimal vor Schmutz, N\u00e4sse und Tierhaaren. In praktischen Utensilientaschen k\u00f6nnen Hundespielzeug, Hundeleinen ect. verstaut werden. &#8211; Universalgr\u00f6\u00dfe f\u00fcr Vordersitz mit Kopfst\u00fctze &#8211; Pflegeleichtes, strapazierf\u00e4higes Nylon &#8211; Abwaschbar<\/p>\n","protected":false},"featured_media":15269,"comment_status":"closed","ping_status":"open","template":"","meta":[],"product_cat":[13691],"product_tag":[],"class_list":{"0":"post-44788","1":"product","2":"type-product","3":"status-publish","4":"has-post-thumbnail","6":"product_cat-autozubehoer","8":"first","9":"instock","10":"taxable","11":"shipping-taxable","12":"purchasable","13":"product-type-simple"},"_links":{"self":[{"href":"https:\/\/all-pets.de\/shop\/wp-json\/wp\/v2\/product\/44788","targetHints":{"allow":["GET"]}}],"collection":[{"href":"https:\/\/all-pets.de\/shop\/wp-json\/wp\/v2\/product"}],"about":[{"href":"https:\/\/all-pets.de\/shop\/wp-json\/wp\/v2\/types\/product"}],"replies":[{"embeddable":true,"href":"https:\/\/all-pets.de\/shop\/wp-json\/wp\/v2\/comments?post=44788"}],"wp:featuredmedia":[{"embeddable":true,"href":"https:\/\/all-pets.de\/shop\/wp-json\/wp\/v2\/media\/15269"}],"wp:attachment":[{"href":"https:\/\/all-pets.de\/shop\/wp-json\/wp\/v2\/media?parent=44788"}],"wp:term":[{"taxonomy":"product_cat","embeddable":true,"href":"https:\/\/all-pets.de\/shop\/wp-json\/wp\/v2\/product_cat?post=44788"},{"taxonomy":"product_tag","embeddable":true,"href":"https:\/\/all-pets.de\/shop\/wp-json\/wp\/v2\/product_tag?post=44788"}],"curies":[{"name":"wp","href":"https:\/\/api.w.org\/{rel}","templated":true}]}}