{"id":44801,"date":"2023-12-12T10:46:30","date_gmt":"2023-12-12T09:46:30","guid":{"rendered":"https:\/\/pet-shopping.de\/shop\/produkt\/trixie-kratzbaum-salamanca-beige\/"},"modified":"2023-12-12T10:46:31","modified_gmt":"2023-12-12T09:46:31","slug":"trixie-kratzbaum-salamanca-beige","status":"publish","type":"product","link":"https:\/\/all-pets.de\/shop\/produkt\/trixie-kratzbaum-salamanca-beige\/","title":{"rendered":"Trixie Kratzbaum SALAMANCA &#8211; Beige"},"content":{"rendered":"<p>Die Trixie Dream World Kratzb\u00e4ume bieten einen idealen Spiel- und Ruheplatz f\u00fcr Katzen jeden Alters und sch\u00fctzen Ihre M\u00f6bel und Teppiche vor den nat\u00fcrlichen Kratzgewohnheiten Ihres Stubentigers. Die St\u00e4mme der Kratzb\u00e4ume sind mit Natursisal umwickelt, Liegeplatten, Mulden und H\u00f6hlen mit weichem Pl\u00fcsch bezogen.<\/p>\n<p>Der Trixie Dream World Kratzbaum Salamanca ist 138 cm hoch und f\u00e4llt durch seine au\u00dfergew\u00f6hnliche Form \u00fcberall auf. Insgesamt besteht er aus einer Bodenplatte, 6 Sisal-St\u00e4mmen, einer Liegeplatte, einer Liegeplatte mit H\u00f6hle und einer gepolsterten Liegeplatte mit Rand. Damit sich Ihr Liebling nicht langweilt ist der Baum au\u00dferdem mit einem Spielseil und 4 Spielzeugen am Gummiband ausgestattet.<\/p>\n<p>Die H\u00f6hle ist komplett mit Fleece ausgestattet. Das interessante Pfoten-Design der H\u00f6hle findet sich in den kleinen Pfotenabdr\u00fccken auf der Bodenplatte wieder.<\/p>\n<p> Gesamth\u00f6he: 138 cm<br \/> Bodenplatte: 40&#215;50 cm<br \/> St\u00e4mme: 8 cm Durchmesser<br \/> Liegeplatte: 40 x 18 cm<br \/> Liegeplatte mit H\u00f6hle: 40 x 50 cm<br \/> H\u00f6hle: 37 x 33 x 21 cm<br \/> Liegeplatte mit Rand: 36 cm Durchmesser<br \/> Spielseil: 50 cm L\u00e4nge \/ 3 cm Durchmesser<\/p>\n<p>Farbe: Beige<\/p>\n","protected":false},"excerpt":{"rendered":"<p>Die Trixie Dream World Kratzb\u00e4ume bieten einen idealen Spiel- und Ruheplatz f\u00fcr Katzen jeden Alters und sch\u00fctzen Ihre M\u00f6bel und Teppiche vor den nat\u00fcrlichen Kratzgewohnheiten Ihres Stubentigers. Die St\u00e4mme der Kratzb\u00e4ume sind mit Natursisal umwickelt, Liegeplatten, Mulden und H\u00f6hlen mit weichem Pl\u00fcsch bezogen. Der Trixie Dream World Kratzbaum Salamanca ist 138 cm hoch und f\u00e4llt [&hellip;]<\/p>\n","protected":false},"featured_media":15379,"comment_status":"closed","ping_status":"open","template":"","meta":[],"product_cat":[13784],"product_tag":[],"class_list":{"0":"post-44801","1":"product","2":"type-product","3":"status-publish","4":"has-post-thumbnail","6":"product_cat-kratzbaeume-moebel-bis-175-cmkatzenwelt","8":"first","9":"instock","10":"taxable","11":"shipping-taxable","12":"purchasable","13":"product-type-simple"},"_links":{"self":[{"href":"https:\/\/all-pets.de\/shop\/wp-json\/wp\/v2\/product\/44801","targetHints":{"allow":["GET"]}}],"collection":[{"href":"https:\/\/all-pets.de\/shop\/wp-json\/wp\/v2\/product"}],"about":[{"href":"https:\/\/all-pets.de\/shop\/wp-json\/wp\/v2\/types\/product"}],"replies":[{"embeddable":true,"href":"https:\/\/all-pets.de\/shop\/wp-json\/wp\/v2\/comments?post=44801"}],"wp:featuredmedia":[{"embeddable":true,"href":"https:\/\/all-pets.de\/shop\/wp-json\/wp\/v2\/media\/15379"}],"wp:attachment":[{"href":"https:\/\/all-pets.de\/shop\/wp-json\/wp\/v2\/media?parent=44801"}],"wp:term":[{"taxonomy":"product_cat","embeddable":true,"href":"https:\/\/all-pets.de\/shop\/wp-json\/wp\/v2\/product_cat?post=44801"},{"taxonomy":"product_tag","embeddable":true,"href":"https:\/\/all-pets.de\/shop\/wp-json\/wp\/v2\/product_tag?post=44801"}],"curies":[{"name":"wp","href":"https:\/\/api.w.org\/{rel}","templated":true}]}}