{"id":44834,"date":"2023-12-12T10:46:33","date_gmt":"2023-12-12T09:46:33","guid":{"rendered":"https:\/\/pet-shopping.de\/shop\/produkt\/natuerlich-pfiffikus-streufutter-mit-insekten-1kg\/"},"modified":"2023-12-12T10:46:35","modified_gmt":"2023-12-12T09:46:35","slug":"natuerlich-pfiffikus-streufutter-mit-insekten-1kg","status":"publish","type":"product","link":"https:\/\/all-pets.de\/shop\/produkt\/natuerlich-pfiffikus-streufutter-mit-insekten-1kg\/","title":{"rendered":"Nat\u00fcrlich Pfiffikus Streufutter mit Insekten 1kg"},"content":{"rendered":"<p>Das nat\u00fcrliche Streufutter ist extra reich an Proteinen und somit ein echter Energielieferant f\u00fcr alle Garten- und Wildv\u00f6gel.F\u00fcttern Sie das Streufutter im Vogelhaus oder auch auf dem Boden &#8211; nat\u00fcrlich auch ganzj\u00e4hrig zu verf\u00fcttern.<\/p>\n<p>Besonders geeignet f\u00fcr K\u00f6rnerfresser wie z. B. Stieglitz, Buchfink, Kernbei\u00dfer, Spatz, Dompfaffu. v. a.<\/p>\n<p>Inhaltsstoffe:<\/p>\n<div role=\"tabpanel\" class=\"tab-pane active\" id=\"prod_short_desc\">\n<div itemprop=\"description\">Getreide, N\u00fcsse, Beeren, 4 % Insekten, \u00d6le und Fette<\/div>\n<\/div>\n","protected":false},"excerpt":{"rendered":"<p>Das nat\u00fcrliche Streufutter ist extra reich an Proteinen und somit ein echter Energielieferant f\u00fcr alle Garten- und Wildv\u00f6gel.F\u00fcttern Sie das Streufutter im Vogelhaus oder auch auf dem Boden &#8211; nat\u00fcrlich auch ganzj\u00e4hrig zu verf\u00fcttern. Besonders geeignet f\u00fcr K\u00f6rnerfresser wie z. B. Stieglitz, Buchfink, Kernbei\u00dfer, Spatz, Dompfaffu. v. a. Inhaltsstoffe: Getreide, N\u00fcsse, Beeren, 4 % Insekten, [&hellip;]<\/p>\n","protected":false},"featured_media":44835,"comment_status":"closed","ping_status":"open","template":"","meta":[],"product_cat":[13797],"product_tag":[],"class_list":{"0":"post-44834","1":"product","2":"type-product","3":"status-publish","4":"has-post-thumbnail","6":"product_cat-natuerlich-pfiffikus","8":"first","9":"instock","10":"taxable","11":"shipping-taxable","12":"purchasable","13":"product-type-simple"},"_links":{"self":[{"href":"https:\/\/all-pets.de\/shop\/wp-json\/wp\/v2\/product\/44834","targetHints":{"allow":["GET"]}}],"collection":[{"href":"https:\/\/all-pets.de\/shop\/wp-json\/wp\/v2\/product"}],"about":[{"href":"https:\/\/all-pets.de\/shop\/wp-json\/wp\/v2\/types\/product"}],"replies":[{"embeddable":true,"href":"https:\/\/all-pets.de\/shop\/wp-json\/wp\/v2\/comments?post=44834"}],"wp:featuredmedia":[{"embeddable":true,"href":"https:\/\/all-pets.de\/shop\/wp-json\/wp\/v2\/media\/44835"}],"wp:attachment":[{"href":"https:\/\/all-pets.de\/shop\/wp-json\/wp\/v2\/media?parent=44834"}],"wp:term":[{"taxonomy":"product_cat","embeddable":true,"href":"https:\/\/all-pets.de\/shop\/wp-json\/wp\/v2\/product_cat?post=44834"},{"taxonomy":"product_tag","embeddable":true,"href":"https:\/\/all-pets.de\/shop\/wp-json\/wp\/v2\/product_tag?post=44834"}],"curies":[{"name":"wp","href":"https:\/\/api.w.org\/{rel}","templated":true}]}}