{"id":44891,"date":"2023-12-12T10:46:47","date_gmt":"2023-12-12T09:46:47","guid":{"rendered":"https:\/\/pet-shopping.de\/shop\/produkt\/trixie-kuehl-hantel-hundespielzeug\/"},"modified":"2023-12-12T10:46:47","modified_gmt":"2023-12-12T09:46:47","slug":"trixie-kuehl-hantel-hundespielzeug","status":"publish","type":"product","link":"https:\/\/all-pets.de\/shop\/produkt\/trixie-kuehl-hantel-hundespielzeug\/","title":{"rendered":"Trixie K\u00fchl-Hantel Hundespielzeug"},"content":{"rendered":"<div class=\"mb-3 row\">\n<div class=\"col\">\n<ul>\n<li>\n<ul>\n<ul>\n<li>thermoplastisches Gummi (TPR)<\/li>\n<li>nimmt Wasser auf<\/li>\n<li>Wasser entweicht beim Kauen durch kleine L\u00f6cher<\/li>\n<li>f\u00fcr den extra Frische-Kick einfach einfrieren<\/li>\n<li>Gr\u00f6\u00dfe: ca. 18 cm<\/li>\n<\/ul>\n<\/ul>\n<\/li>\n<\/ul>\n<\/div>\n<\/div>\n","protected":false},"excerpt":{"rendered":"<p>thermoplastisches Gummi (TPR) nimmt Wasser auf Wasser entweicht beim Kauen durch kleine L\u00f6cher f\u00fcr den extra Frische-Kick einfach einfrieren Gr\u00f6\u00dfe: ca. 18 cm<\/p>\n","protected":false},"featured_media":44892,"comment_status":"closed","ping_status":"open","template":"","meta":[],"product_cat":[13806],"product_tag":[],"class_list":{"0":"post-44891","1":"product","2":"type-product","3":"status-publish","4":"has-post-thumbnail","6":"product_cat-weitere-spielzeuge-hundespielzeug-sport-aqua-spielzeughundewelt","8":"first","9":"instock","10":"taxable","11":"shipping-taxable","12":"purchasable","13":"product-type-simple"},"_links":{"self":[{"href":"https:\/\/all-pets.de\/shop\/wp-json\/wp\/v2\/product\/44891","targetHints":{"allow":["GET"]}}],"collection":[{"href":"https:\/\/all-pets.de\/shop\/wp-json\/wp\/v2\/product"}],"about":[{"href":"https:\/\/all-pets.de\/shop\/wp-json\/wp\/v2\/types\/product"}],"replies":[{"embeddable":true,"href":"https:\/\/all-pets.de\/shop\/wp-json\/wp\/v2\/comments?post=44891"}],"wp:featuredmedia":[{"embeddable":true,"href":"https:\/\/all-pets.de\/shop\/wp-json\/wp\/v2\/media\/44892"}],"wp:attachment":[{"href":"https:\/\/all-pets.de\/shop\/wp-json\/wp\/v2\/media?parent=44891"}],"wp:term":[{"taxonomy":"product_cat","embeddable":true,"href":"https:\/\/all-pets.de\/shop\/wp-json\/wp\/v2\/product_cat?post=44891"},{"taxonomy":"product_tag","embeddable":true,"href":"https:\/\/all-pets.de\/shop\/wp-json\/wp\/v2\/product_tag?post=44891"}],"curies":[{"name":"wp","href":"https:\/\/api.w.org\/{rel}","templated":true}]}}