{"id":44936,"date":"2023-12-12T10:46:57","date_gmt":"2023-12-12T09:46:57","guid":{"rendered":"https:\/\/pet-shopping.de\/shop\/produkt\/zeus-studs-hippo-23-cm\/"},"modified":"2023-12-12T10:46:57","modified_gmt":"2023-12-12T09:46:57","slug":"zeus-studs-hippo-23-cm","status":"publish","type":"product","link":"https:\/\/all-pets.de\/shop\/produkt\/zeus-studs-hippo-23-cm\/","title":{"rendered":"Zeus Studs Hippo &#8211; 23 cm"},"content":{"rendered":"<p>SPIELZEUGE MIT CHARAKTER<br \/>Hippo &#8211; Gr\u00f6\u00dfe: ca. 23 cm<\/p>\n<ul>\n<li>Widerstandsf\u00e4hige Canvas-Struktur<\/li>\n<li>Verst\u00e4rkte N\u00e4hte<\/li>\n<li>TPR-Aufs\u00e4tze mit Stachelnieten an Brust und Armen<\/li>\n<\/ul>\n<p>Die Zeus STUDS bestehen aus drei robusten Schichten, um selbst dem enthusiastischsten Hundespiel standzuhalten. Die Kombination aus einer widerstandsf\u00e4higen Canvas-Struktur, einer Innenbeschichtung und dem ballistischen Nylongewebe mit verst\u00e4rkten N\u00e4hten und thermoplastischen Gummiaufs\u00e4tzen an Brust und Armen macht diese Spielzeuge einfach unverw\u00fcstlich!<\/p>\n<p>Mit Quietscher f\u00fcr zus\u00e4tzlichen Spa\u00df.<\/p>\n<p>DREILAGIG:<\/p>\n<ol style=\"list-style-type: upper-latin \">\n<li>Widerstandsf\u00e4higes Canvas<\/li>\n<li>Schutzbeschichtung<\/li>\n<li>Ballistisches Nylongewebe<\/li>\n<\/ol>\n","protected":false},"excerpt":{"rendered":"<p>SPIELZEUGE MIT CHARAKTERHippo &#8211; Gr\u00f6\u00dfe: ca. 23 cm Widerstandsf\u00e4hige Canvas-Struktur Verst\u00e4rkte N\u00e4hte TPR-Aufs\u00e4tze mit Stachelnieten an Brust und Armen Die Zeus STUDS bestehen aus drei robusten Schichten, um selbst dem enthusiastischsten Hundespiel standzuhalten. Die Kombination aus einer widerstandsf\u00e4higen Canvas-Struktur, einer Innenbeschichtung und dem ballistischen Nylongewebe mit verst\u00e4rkten N\u00e4hten und thermoplastischen Gummiaufs\u00e4tzen an Brust und Armen [&hellip;]<\/p>\n","protected":false},"featured_media":44937,"comment_status":"closed","ping_status":"open","template":"","meta":[],"product_cat":[13810],"product_tag":[],"class_list":{"0":"post-44936","1":"product","2":"type-product","3":"status-publish","4":"has-post-thumbnail","6":"product_cat-weitere-spielzeuge-hundespielzeug-sport-plueschspielzeughundewelt","8":"first","9":"instock","10":"taxable","11":"shipping-taxable","12":"purchasable","13":"product-type-simple"},"_links":{"self":[{"href":"https:\/\/all-pets.de\/shop\/wp-json\/wp\/v2\/product\/44936","targetHints":{"allow":["GET"]}}],"collection":[{"href":"https:\/\/all-pets.de\/shop\/wp-json\/wp\/v2\/product"}],"about":[{"href":"https:\/\/all-pets.de\/shop\/wp-json\/wp\/v2\/types\/product"}],"replies":[{"embeddable":true,"href":"https:\/\/all-pets.de\/shop\/wp-json\/wp\/v2\/comments?post=44936"}],"wp:featuredmedia":[{"embeddable":true,"href":"https:\/\/all-pets.de\/shop\/wp-json\/wp\/v2\/media\/44937"}],"wp:attachment":[{"href":"https:\/\/all-pets.de\/shop\/wp-json\/wp\/v2\/media?parent=44936"}],"wp:term":[{"taxonomy":"product_cat","embeddable":true,"href":"https:\/\/all-pets.de\/shop\/wp-json\/wp\/v2\/product_cat?post=44936"},{"taxonomy":"product_tag","embeddable":true,"href":"https:\/\/all-pets.de\/shop\/wp-json\/wp\/v2\/product_tag?post=44936"}],"curies":[{"name":"wp","href":"https:\/\/api.w.org\/{rel}","templated":true}]}}