{"id":44938,"date":"2023-12-12T10:46:57","date_gmt":"2023-12-12T09:46:57","guid":{"rendered":"https:\/\/pet-shopping.de\/shop\/produkt\/trixie-kratzbaum-catarina\/"},"modified":"2023-12-12T10:46:57","modified_gmt":"2023-12-12T09:46:57","slug":"trixie-kratzbaum-catarina","status":"publish","type":"product","link":"https:\/\/all-pets.de\/shop\/produkt\/trixie-kratzbaum-catarina\/","title":{"rendered":"Trixie Kratzbaum Catarina"},"content":{"rendered":"<p>Der als Raumteiler nutzbare Kratzbaum Catarina bietet gleich mehreren Stubentigern gen\u00fcgend Platz zum Ausruhen, Klettern und Spielen. In den mit weichem Pl\u00fcsch und Fleece bezogenen H\u00f6hlen auf unterschiedlichen Ebenen k\u00f6nnen sich deine Katzen ausruhen, verstecken und durch gleich mehrere \u00d6ffnungen Ausschau halten. Die H\u00f6hlen sind mit Wendekissen ausgestattet, welche per Handw\u00e4sche gereinigt werden k\u00f6nnen. Auch der stabile Kuschelsack ist bestens zum Ausruhen geeignet. Die mit Jute ausgestatteten Kratzst\u00e4mme und die zwei Sisalkratzfl\u00e4chen an den Au\u00dfenseiten bieten deinen Samtpfoten diverse Kratz- und Kletterm\u00f6glichkeiten, zur zus\u00e4tzlichen Besch\u00e4ftigung ist ein Spielball aus Pl\u00fcsch am Kratzbaum befestigt.<\/p>\n<p><\/p>\n<ul>\n<li>Jute: \u00f8 5 mm\/Pl\u00fcsch (Polyester): 280 g\/m\u00b2<\/li>\n<li>H\u00f6hlen mit Pl\u00fcsch\/Fleece (Polyester) ausgestattet<\/li>\n<li>mit Sisalkratzfl\u00e4chen<\/li>\n<li>mit Wendekissen: Handw\u00e4sche<\/li>\n<li>Kuschelbett mit gepolsterter Liegefl\u00e4che<\/li>\n<li>stabiler Kuschelsack<\/li>\n<li>Farbe: wei\u00df\/taupe<\/li>\n<li>Grundfl\u00e4che: ca. 125 \u00d7 67 cm<\/li>\n<li>H\u00f6he: ca. 188 cm<\/li>\n<li>Stammdurchmesser: ca. 12 cm<\/li>\n<\/ul>\n<p><\/p>\n<p><\/p><\/p>\n","protected":false},"excerpt":{"rendered":"<p>Der als Raumteiler nutzbare Kratzbaum Catarina bietet gleich mehreren Stubentigern gen\u00fcgend Platz zum Ausruhen, Klettern und Spielen. In den mit weichem Pl\u00fcsch und Fleece bezogenen H\u00f6hlen auf unterschiedlichen Ebenen k\u00f6nnen sich deine Katzen ausruhen, verstecken und durch gleich mehrere \u00d6ffnungen Ausschau halten. Die H\u00f6hlen sind mit Wendekissen ausgestattet, welche per Handw\u00e4sche gereinigt werden k\u00f6nnen. Auch [&hellip;]<\/p>\n","protected":false},"featured_media":44939,"comment_status":"closed","ping_status":"open","template":"","meta":[],"product_cat":[13811],"product_tag":[],"class_list":{"0":"post-44938","1":"product","2":"type-product","3":"status-publish","4":"has-post-thumbnail","6":"product_cat-bis-225-cm","8":"first","9":"instock","10":"taxable","11":"shipping-taxable","12":"purchasable","13":"product-type-simple"},"_links":{"self":[{"href":"https:\/\/all-pets.de\/shop\/wp-json\/wp\/v2\/product\/44938","targetHints":{"allow":["GET"]}}],"collection":[{"href":"https:\/\/all-pets.de\/shop\/wp-json\/wp\/v2\/product"}],"about":[{"href":"https:\/\/all-pets.de\/shop\/wp-json\/wp\/v2\/types\/product"}],"replies":[{"embeddable":true,"href":"https:\/\/all-pets.de\/shop\/wp-json\/wp\/v2\/comments?post=44938"}],"wp:featuredmedia":[{"embeddable":true,"href":"https:\/\/all-pets.de\/shop\/wp-json\/wp\/v2\/media\/44939"}],"wp:attachment":[{"href":"https:\/\/all-pets.de\/shop\/wp-json\/wp\/v2\/media?parent=44938"}],"wp:term":[{"taxonomy":"product_cat","embeddable":true,"href":"https:\/\/all-pets.de\/shop\/wp-json\/wp\/v2\/product_cat?post=44938"},{"taxonomy":"product_tag","embeddable":true,"href":"https:\/\/all-pets.de\/shop\/wp-json\/wp\/v2\/product_tag?post=44938"}],"curies":[{"name":"wp","href":"https:\/\/api.w.org\/{rel}","templated":true}]}}