{"id":44976,"date":"2023-12-12T10:47:02","date_gmt":"2023-12-12T09:47:02","guid":{"rendered":"https:\/\/pet-shopping.de\/shop\/produkt\/dokas-huehnerbrust-in-streifen-250g\/"},"modified":"2023-12-12T10:47:03","modified_gmt":"2023-12-12T09:47:03","slug":"dokas-huehnerbrust-in-streifen-250g","status":"publish","type":"product","link":"https:\/\/all-pets.de\/shop\/produkt\/dokas-huehnerbrust-in-streifen-250g\/","title":{"rendered":"Dokas H\u00fchnerbrust in Streifen 250g"},"content":{"rendered":"<p>H\u00fchnerbrustfilet in typischer Dokas-Streifenform<\/p>\n<p><strong>Inhaltsstoffe:<\/strong><br \/> Inhalt: H\u00fchnerbrustfilet 93%, pflanzliche Nebenerzeugnisse, Mineralstoffe<\/p>\n<p><strong>F\u00fctterungsempfehlung:<\/strong><br \/> Als Belohnung zwischen den Mahlzeiten f\u00fcttern. Reduzierung der Futtermenge nach Bedarf. Stets gen\u00fcgend Trinkwasser bereitstellen.<\/p>\n","protected":false},"excerpt":{"rendered":"<p>H\u00fchnerbrustfilet in typischer Dokas-Streifenform Inhaltsstoffe: Inhalt: H\u00fchnerbrustfilet 93%, pflanzliche Nebenerzeugnisse, Mineralstoffe F\u00fctterungsempfehlung: Als Belohnung zwischen den Mahlzeiten f\u00fcttern. Reduzierung der Futtermenge nach Bedarf. Stets gen\u00fcgend Trinkwasser bereitstellen.<\/p>\n","protected":false},"featured_media":36107,"comment_status":"closed","ping_status":"open","template":"","meta":[],"product_cat":[13814],"product_tag":[],"class_list":{"0":"post-44976","1":"product","2":"type-product","3":"status-publish","4":"has-post-thumbnail","6":"product_cat-dokas","8":"first","9":"instock","10":"taxable","11":"shipping-taxable","12":"purchasable","13":"product-type-simple"},"_links":{"self":[{"href":"https:\/\/all-pets.de\/shop\/wp-json\/wp\/v2\/product\/44976","targetHints":{"allow":["GET"]}}],"collection":[{"href":"https:\/\/all-pets.de\/shop\/wp-json\/wp\/v2\/product"}],"about":[{"href":"https:\/\/all-pets.de\/shop\/wp-json\/wp\/v2\/types\/product"}],"replies":[{"embeddable":true,"href":"https:\/\/all-pets.de\/shop\/wp-json\/wp\/v2\/comments?post=44976"}],"wp:featuredmedia":[{"embeddable":true,"href":"https:\/\/all-pets.de\/shop\/wp-json\/wp\/v2\/media\/36107"}],"wp:attachment":[{"href":"https:\/\/all-pets.de\/shop\/wp-json\/wp\/v2\/media?parent=44976"}],"wp:term":[{"taxonomy":"product_cat","embeddable":true,"href":"https:\/\/all-pets.de\/shop\/wp-json\/wp\/v2\/product_cat?post=44976"},{"taxonomy":"product_tag","embeddable":true,"href":"https:\/\/all-pets.de\/shop\/wp-json\/wp\/v2\/product_tag?post=44976"}],"curies":[{"name":"wp","href":"https:\/\/api.w.org\/{rel}","templated":true}]}}