{"id":45017,"date":"2023-12-12T10:47:06","date_gmt":"2023-12-12T09:47:06","guid":{"rendered":"https:\/\/pet-shopping.de\/shop\/produkt\/jr-farm-kraeutergarten-im-eimer-500g\/"},"modified":"2023-12-12T10:47:10","modified_gmt":"2023-12-12T09:47:10","slug":"jr-farm-kraeutergarten-im-eimer-500g","status":"publish","type":"product","link":"https:\/\/all-pets.de\/shop\/produkt\/jr-farm-kraeutergarten-im-eimer-500g\/","title":{"rendered":"JR Farm Kr\u00e4utergarten im Eimer &#8211; 500g"},"content":{"rendered":"<p>Erg\u00e4nzungsfuttermittel f\u00fcr Nager und Zwergkaninchen<\/p>\n<div class=\"content--product-code\">\n<div class=\"detail--product-code\">\n<div class=\"content--title\"> Zusammensetzung <\/div>\n<p>Haferpflanze, Petersilie 20%, Luzerne, Weizenpflanze, Brennnessel 7,7%, Melisse,L\u00f6wenzahn, Bergwiesenheu, Pfefferminze 2,3%, Kamillenbl\u00fcten 1,2%<\/p>\n<\/p><\/div>\n<\/p><\/div>\n<div class=\"content--product-code\">\n<div class=\"detail--product-code\">\n<div class=\"content--title\"> Analytische Bestandteile <\/div>\n<p>Protein 13,3%, Fettgehalt 2,1%, Rohfaser 25,0%, Rohasche 9,4%, Calcium 9193 mg\/kg, Phosphor 1930 mg\/kg, Natrium 510 mg\/kg<\/p>\n<\/p><\/div>\n<\/p><\/div>\n<div class=\"content--product-code\">\n<div class=\"detail--product-code\">\n<div class=\"content--title\"> F\u00fctterungsempfehlung <\/div>\n<p>Gemischt mit Heu oder anderen Kr\u00e4utern, oder zus\u00e4tzlich zur t\u00e4glichen Heuration.<\/p>\n<\/p><\/div>\n<\/p><\/div>\n","protected":false},"excerpt":{"rendered":"<p>Erg\u00e4nzungsfuttermittel f\u00fcr Nager und Zwergkaninchen Zusammensetzung Haferpflanze, Petersilie 20%, Luzerne, Weizenpflanze, Brennnessel 7,7%, Melisse,L\u00f6wenzahn, Bergwiesenheu, Pfefferminze 2,3%, Kamillenbl\u00fcten 1,2% Analytische Bestandteile Protein 13,3%, Fettgehalt 2,1%, Rohfaser 25,0%, Rohasche 9,4%, Calcium 9193 mg\/kg, Phosphor 1930 mg\/kg, Natrium 510 mg\/kg F\u00fctterungsempfehlung Gemischt mit Heu oder anderen Kr\u00e4utern, oder zus\u00e4tzlich zur t\u00e4glichen Heuration.<\/p>\n","protected":false},"featured_media":207,"comment_status":"closed","ping_status":"open","template":"","meta":[],"product_cat":[13830],"product_tag":[],"class_list":{"0":"post-45017","1":"product","2":"type-product","3":"status-publish","4":"has-post-thumbnail","6":"product_cat-meerschweinchen","8":"first","9":"instock","10":"taxable","11":"shipping-taxable","12":"purchasable","13":"product-type-simple"},"_links":{"self":[{"href":"https:\/\/all-pets.de\/shop\/wp-json\/wp\/v2\/product\/45017","targetHints":{"allow":["GET"]}}],"collection":[{"href":"https:\/\/all-pets.de\/shop\/wp-json\/wp\/v2\/product"}],"about":[{"href":"https:\/\/all-pets.de\/shop\/wp-json\/wp\/v2\/types\/product"}],"replies":[{"embeddable":true,"href":"https:\/\/all-pets.de\/shop\/wp-json\/wp\/v2\/comments?post=45017"}],"wp:featuredmedia":[{"embeddable":true,"href":"https:\/\/all-pets.de\/shop\/wp-json\/wp\/v2\/media\/207"}],"wp:attachment":[{"href":"https:\/\/all-pets.de\/shop\/wp-json\/wp\/v2\/media?parent=45017"}],"wp:term":[{"taxonomy":"product_cat","embeddable":true,"href":"https:\/\/all-pets.de\/shop\/wp-json\/wp\/v2\/product_cat?post=45017"},{"taxonomy":"product_tag","embeddable":true,"href":"https:\/\/all-pets.de\/shop\/wp-json\/wp\/v2\/product_tag?post=45017"}],"curies":[{"name":"wp","href":"https:\/\/api.w.org\/{rel}","templated":true}]}}