{"id":45026,"date":"2023-12-12T10:47:13","date_gmt":"2023-12-12T09:47:13","guid":{"rendered":"https:\/\/pet-shopping.de\/shop\/produkt\/trixie-pylonen-hindernis-3er-set-o-23-x-30-cm-78-cm\/"},"modified":"2023-12-12T10:47:13","modified_gmt":"2023-12-12T09:47:13","slug":"trixie-pylonen-hindernis-3er-set-o-23-x-30-cm-78-cm","status":"publish","type":"product","link":"https:\/\/all-pets.de\/shop\/produkt\/trixie-pylonen-hindernis-3er-set-o-23-x-30-cm-78-cm\/","title":{"rendered":"Trixie Pylonen-Hindernis 3er Set &#8211; \u00f8 23 \u00d7 30 cm\/78 cm"},"content":{"rendered":"<ul>\n<li>zur Steigerung von Konzentration, K\u00f6rpergef\u00fchl und Koordination<\/li>\n<li>auch f\u00fcr (physio-)therapeutische Anwendungen geeignet<\/li>\n<li>diverse Steckm\u00f6glichkeiten f\u00fcr Hindernis- oder Slalomaufbauten<\/li>\n<li>durch variable H\u00f6heneinstellung f\u00fcr Hunde jeden Alters und jeder Gr\u00f6\u00dfe geeignet<\/li>\n<li>Kunststoff<\/li>\n<li>inkl. Trainingsanleitung<\/li>\n<li>Farbe: orange\/gelb<\/li>\n<li>Inhalt: 6 Pylonen\/3 Stangen<\/li>\n<li>Ma\u00dfe Pylonen: ca. \u00f8 23 \u00d7 30 cm<\/li>\n<li>L\u00e4nge der Stangen: ca. 78 cm<\/li>\n<\/ul>\n","protected":false},"excerpt":{"rendered":"<p>zur Steigerung von Konzentration, K\u00f6rpergef\u00fchl und Koordination auch f\u00fcr (physio-)therapeutische Anwendungen geeignet diverse Steckm\u00f6glichkeiten f\u00fcr Hindernis- oder Slalomaufbauten durch variable H\u00f6heneinstellung f\u00fcr Hunde jeden Alters und jeder Gr\u00f6\u00dfe geeignet Kunststoff inkl. Trainingsanleitung Farbe: orange\/gelb Inhalt: 6 Pylonen\/3 Stangen Ma\u00dfe Pylonen: ca. \u00f8 23 \u00d7 30 cm L\u00e4nge der Stangen: ca. 78 cm<\/p>\n","protected":false},"featured_media":21277,"comment_status":"closed","ping_status":"open","template":"","meta":[],"product_cat":[13836],"product_tag":[],"class_list":{"0":"post-45026","1":"product","2":"type-product","3":"status-publish","4":"has-post-thumbnail","6":"product_cat-agility-training-hundespielzeug-sport","8":"first","9":"instock","10":"taxable","11":"shipping-taxable","12":"purchasable","13":"product-type-simple"},"_links":{"self":[{"href":"https:\/\/all-pets.de\/shop\/wp-json\/wp\/v2\/product\/45026","targetHints":{"allow":["GET"]}}],"collection":[{"href":"https:\/\/all-pets.de\/shop\/wp-json\/wp\/v2\/product"}],"about":[{"href":"https:\/\/all-pets.de\/shop\/wp-json\/wp\/v2\/types\/product"}],"replies":[{"embeddable":true,"href":"https:\/\/all-pets.de\/shop\/wp-json\/wp\/v2\/comments?post=45026"}],"wp:featuredmedia":[{"embeddable":true,"href":"https:\/\/all-pets.de\/shop\/wp-json\/wp\/v2\/media\/21277"}],"wp:attachment":[{"href":"https:\/\/all-pets.de\/shop\/wp-json\/wp\/v2\/media?parent=45026"}],"wp:term":[{"taxonomy":"product_cat","embeddable":true,"href":"https:\/\/all-pets.de\/shop\/wp-json\/wp\/v2\/product_cat?post=45026"},{"taxonomy":"product_tag","embeddable":true,"href":"https:\/\/all-pets.de\/shop\/wp-json\/wp\/v2\/product_tag?post=45026"}],"curies":[{"name":"wp","href":"https:\/\/api.w.org\/{rel}","templated":true}]}}