{"id":45071,"date":"2023-12-12T10:47:18","date_gmt":"2023-12-12T09:47:18","guid":{"rendered":"https:\/\/pet-shopping.de\/shop\/produkt\/trixie-jute-ball-mit-herz\/"},"modified":"2023-12-12T10:47:23","modified_gmt":"2023-12-12T09:47:23","slug":"trixie-jute-ball-mit-herz","status":"publish","type":"product","link":"https:\/\/all-pets.de\/shop\/produkt\/trixie-jute-ball-mit-herz\/","title":{"rendered":"Trixie Jute-Ball mit Herz"},"content":{"rendered":"<ul>\n<li>Polyester\/Jute<\/li>\n<li>mit Katzenminze<\/li>\n<li>Ma\u00dfe: ca. \u00f8 4,5 \u00d7 18 cm<\/li>\n<\/ul>\n","protected":false},"excerpt":{"rendered":"<p>Polyester\/Jute mit Katzenminze Ma\u00dfe: ca. \u00f8 4,5 \u00d7 18 cm<\/p>\n","protected":false},"featured_media":45072,"comment_status":"closed","ping_status":"open","template":"","meta":[],"product_cat":[13849],"product_tag":[],"class_list":{"0":"post-45071","1":"product","2":"type-product","3":"status-publish","4":"has-post-thumbnail","6":"product_cat-catnip-baldrian-spielzeug-katzenspielzeug-katzenbaellekatzenwelt","8":"first","9":"instock","10":"taxable","11":"shipping-taxable","12":"purchasable","13":"product-type-simple"},"_links":{"self":[{"href":"https:\/\/all-pets.de\/shop\/wp-json\/wp\/v2\/product\/45071","targetHints":{"allow":["GET"]}}],"collection":[{"href":"https:\/\/all-pets.de\/shop\/wp-json\/wp\/v2\/product"}],"about":[{"href":"https:\/\/all-pets.de\/shop\/wp-json\/wp\/v2\/types\/product"}],"replies":[{"embeddable":true,"href":"https:\/\/all-pets.de\/shop\/wp-json\/wp\/v2\/comments?post=45071"}],"wp:featuredmedia":[{"embeddable":true,"href":"https:\/\/all-pets.de\/shop\/wp-json\/wp\/v2\/media\/45072"}],"wp:attachment":[{"href":"https:\/\/all-pets.de\/shop\/wp-json\/wp\/v2\/media?parent=45071"}],"wp:term":[{"taxonomy":"product_cat","embeddable":true,"href":"https:\/\/all-pets.de\/shop\/wp-json\/wp\/v2\/product_cat?post=45071"},{"taxonomy":"product_tag","embeddable":true,"href":"https:\/\/all-pets.de\/shop\/wp-json\/wp\/v2\/product_tag?post=45071"}],"curies":[{"name":"wp","href":"https:\/\/api.w.org\/{rel}","templated":true}]}}