{"id":45085,"date":"2023-12-12T10:47:18","date_gmt":"2023-12-12T09:47:18","guid":{"rendered":"https:\/\/pet-shopping.de\/shop\/produkt\/karlie-deluxe-kratzbaum-banana-leaf-4\/"},"modified":"2023-12-12T10:47:26","modified_gmt":"2023-12-12T09:47:26","slug":"karlie-deluxe-kratzbaum-banana-leaf-4","status":"publish","type":"product","link":"https:\/\/all-pets.de\/shop\/produkt\/karlie-deluxe-kratzbaum-banana-leaf-4\/","title":{"rendered":"Karlie Deluxe Kratzbaum BANANA LEAF 4"},"content":{"rendered":"<div>Banana Leaf &#8211; Das Original! Diese Schlafplatz- und Kratzbaumkombination in trendigem Design ist schon ein richtiger Spielplatz und bietet auch f\u00fcr zwei Katzen genug Platz zum Spielen und Schlafen. Durch besonders robuste Verarbeitung von Sisal und handgeflochtenen Bananenbl\u00e4ttern wird diese Kombination Ihnen und Ihrer Katze lange Freude bereiten. Genug Kratzm\u00f6glichkeiten gibt es durch die mit Sisal umwickelten S\u00e4ulen. Zwei kuschelige H\u00f6hlen und eine offene Rolle aus Banana Leaf laden ein zum Schlafen, Verstecken oder Ausruhen. Weitere Plattformen, ein herabh\u00e4ngendes Seil und ein Spielball lassen keine Langeweile aufkommen, diese Kratzbaumkombination bietet unendlichen Spiel- und Kletterspa\u00df.<\/p>\n<p>Gesamtma\u00dfe: ca. 134 x 58 x 157 cm (LxBxH)<br \/> Farbe: Beige<\/p>\n<p>Banana-Leaf &#8211; Bananenbl\u00e4tter &#8211; ein wiederentdeckter Naturwerkstoff. In vielen Kulturen ist dieses Material ein fester Bestandteil des t\u00e4glichen Lebens. Die Produktlinie Banana Leaf zeichnet sich durch die \u00e4u\u00dferst robusten und kratzresistenten Naturmaterialen aus. In kunstvoller Handarbeit werden die Bl\u00e4tter zu M\u00f6beln geflochten. Der einzigartige Charakter dieser Naturmaterialien verleiht den Banana-Leaf M\u00f6beln eine ganz besondere Ausstrahlung, die Tiere f\u00fchlen sich geborgen und entspannt. Die runden, eleganten Formen sind ein ganz besonderer Blickfang f\u00fcr jede Wohnung.<\/p><\/div>\n","protected":false},"excerpt":{"rendered":"<p>Banana Leaf &#8211; Das Original! Diese Schlafplatz- und Kratzbaumkombination in trendigem Design ist schon ein richtiger Spielplatz und bietet auch f\u00fcr zwei Katzen genug Platz zum Spielen und Schlafen. Durch besonders robuste Verarbeitung von Sisal und handgeflochtenen Bananenbl\u00e4ttern wird diese Kombination Ihnen und Ihrer Katze lange Freude bereiten. Genug Kratzm\u00f6glichkeiten gibt es durch die mit [&hellip;]<\/p>\n","protected":false},"featured_media":24625,"comment_status":"closed","ping_status":"open","template":"","meta":[],"product_cat":[13784],"product_tag":[],"class_list":{"0":"post-45085","1":"product","2":"type-product","3":"status-publish","4":"has-post-thumbnail","6":"product_cat-kratzbaeume-moebel-bis-175-cmkatzenwelt","8":"first","9":"instock","10":"taxable","11":"shipping-taxable","12":"purchasable","13":"product-type-simple"},"_links":{"self":[{"href":"https:\/\/all-pets.de\/shop\/wp-json\/wp\/v2\/product\/45085","targetHints":{"allow":["GET"]}}],"collection":[{"href":"https:\/\/all-pets.de\/shop\/wp-json\/wp\/v2\/product"}],"about":[{"href":"https:\/\/all-pets.de\/shop\/wp-json\/wp\/v2\/types\/product"}],"replies":[{"embeddable":true,"href":"https:\/\/all-pets.de\/shop\/wp-json\/wp\/v2\/comments?post=45085"}],"wp:featuredmedia":[{"embeddable":true,"href":"https:\/\/all-pets.de\/shop\/wp-json\/wp\/v2\/media\/24625"}],"wp:attachment":[{"href":"https:\/\/all-pets.de\/shop\/wp-json\/wp\/v2\/media?parent=45085"}],"wp:term":[{"taxonomy":"product_cat","embeddable":true,"href":"https:\/\/all-pets.de\/shop\/wp-json\/wp\/v2\/product_cat?post=45085"},{"taxonomy":"product_tag","embeddable":true,"href":"https:\/\/all-pets.de\/shop\/wp-json\/wp\/v2\/product_tag?post=45085"}],"curies":[{"name":"wp","href":"https:\/\/api.w.org\/{rel}","templated":true}]}}