{"id":45130,"date":"2023-12-12T10:47:34","date_gmt":"2023-12-12T09:47:34","guid":{"rendered":"https:\/\/pet-shopping.de\/shop\/produkt\/karlie-flamingo-bunte-plueschmaeuse-mit-rassel-5-stueck\/"},"modified":"2023-12-12T10:47:36","modified_gmt":"2023-12-12T09:47:36","slug":"karlie-flamingo-bunte-plueschmaeuse-mit-rassel-5-stueck","status":"publish","type":"product","link":"https:\/\/all-pets.de\/shop\/produkt\/karlie-flamingo-bunte-plueschmaeuse-mit-rassel-5-stueck\/","title":{"rendered":"Karlie Flamingo Bunte Pl\u00fcschm\u00e4use mit Rassel &#8211; 5 St\u00fcck"},"content":{"rendered":"<p>Die 5 lustigen bunten Pl\u00fcschm\u00e4use in Felloptik bringen Farbe und Spielspa\u00df mit!<\/p>\n<p>F\u00fcr eine extra Portion Fun sind sie mit einem Rasseleffekt und mit Catnip-Duft ausgestattet.<\/p>\n<p>Inhalt: 5 St\u00fcck<br \/> Gr\u00f6\u00dfe: ca. 5 cm<\/p>\n","protected":false},"excerpt":{"rendered":"<p>Die 5 lustigen bunten Pl\u00fcschm\u00e4use in Felloptik bringen Farbe und Spielspa\u00df mit! F\u00fcr eine extra Portion Fun sind sie mit einem Rasseleffekt und mit Catnip-Duft ausgestattet. Inhalt: 5 St\u00fcck Gr\u00f6\u00dfe: ca. 5 cm<\/p>\n","protected":false},"featured_media":24733,"comment_status":"closed","ping_status":"open","template":"","meta":[],"product_cat":[13752],"product_tag":[],"class_list":{"0":"post-45130","1":"product","2":"type-product","3":"status-publish","4":"has-post-thumbnail","6":"product_cat-katzenspielmaeuse-katzenspielzeug","8":"first","9":"instock","10":"taxable","11":"shipping-taxable","12":"purchasable","13":"product-type-simple"},"_links":{"self":[{"href":"https:\/\/all-pets.de\/shop\/wp-json\/wp\/v2\/product\/45130","targetHints":{"allow":["GET"]}}],"collection":[{"href":"https:\/\/all-pets.de\/shop\/wp-json\/wp\/v2\/product"}],"about":[{"href":"https:\/\/all-pets.de\/shop\/wp-json\/wp\/v2\/types\/product"}],"replies":[{"embeddable":true,"href":"https:\/\/all-pets.de\/shop\/wp-json\/wp\/v2\/comments?post=45130"}],"wp:featuredmedia":[{"embeddable":true,"href":"https:\/\/all-pets.de\/shop\/wp-json\/wp\/v2\/media\/24733"}],"wp:attachment":[{"href":"https:\/\/all-pets.de\/shop\/wp-json\/wp\/v2\/media?parent=45130"}],"wp:term":[{"taxonomy":"product_cat","embeddable":true,"href":"https:\/\/all-pets.de\/shop\/wp-json\/wp\/v2\/product_cat?post=45130"},{"taxonomy":"product_tag","embeddable":true,"href":"https:\/\/all-pets.de\/shop\/wp-json\/wp\/v2\/product_tag?post=45130"}],"curies":[{"name":"wp","href":"https:\/\/api.w.org\/{rel}","templated":true}]}}