{"id":45143,"date":"2023-12-12T10:47:34","date_gmt":"2023-12-12T09:47:34","guid":{"rendered":"https:\/\/pet-shopping.de\/shop\/produkt\/karlie-flamingo-super-speedy-aufziehmaus\/"},"modified":"2023-12-12T10:47:38","modified_gmt":"2023-12-12T09:47:38","slug":"karlie-flamingo-super-speedy-aufziehmaus","status":"publish","type":"product","link":"https:\/\/all-pets.de\/shop\/produkt\/karlie-flamingo-super-speedy-aufziehmaus\/","title":{"rendered":"Karlie Flamingo Super Speedy Aufziehmaus"},"content":{"rendered":"<p>Die schnellste Maus auf 4 R\u00e4dern! <\/p>\n<p>Superschnelle Spielmaus mit Soft-Fleece. Imitiert echtes Mausfeeling. Toller Katzenspielspa\u00df mit hohem Fun-Faktor. Keine Batterien &#8211; Einfach r\u00fcckw\u00e4rts ziehen und los geht es. Mit Catnip.<\/p>\n<p>Gr\u00f6\u00dfe: ca. 8 x 4 cm<\/p>\n<p>Diverse Farben. Eine Farbwahl ist leider nicht m\u00f6glich, da die Farbe je nach Lagerbestand gew\u00e4hlt wird.<\/p>\n","protected":false},"excerpt":{"rendered":"<p>Die schnellste Maus auf 4 R\u00e4dern! Superschnelle Spielmaus mit Soft-Fleece. Imitiert echtes Mausfeeling. Toller Katzenspielspa\u00df mit hohem Fun-Faktor. Keine Batterien &#8211; Einfach r\u00fcckw\u00e4rts ziehen und los geht es. Mit Catnip. Gr\u00f6\u00dfe: ca. 8 x 4 cm Diverse Farben. Eine Farbwahl ist leider nicht m\u00f6glich, da die Farbe je nach Lagerbestand gew\u00e4hlt wird.<\/p>\n","protected":false},"featured_media":24793,"comment_status":"closed","ping_status":"open","template":"","meta":[],"product_cat":[13752],"product_tag":[],"class_list":{"0":"post-45143","1":"product","2":"type-product","3":"status-publish","4":"has-post-thumbnail","6":"product_cat-katzenspielmaeuse-katzenspielzeug","8":"first","9":"instock","10":"taxable","11":"shipping-taxable","12":"purchasable","13":"product-type-simple"},"_links":{"self":[{"href":"https:\/\/all-pets.de\/shop\/wp-json\/wp\/v2\/product\/45143","targetHints":{"allow":["GET"]}}],"collection":[{"href":"https:\/\/all-pets.de\/shop\/wp-json\/wp\/v2\/product"}],"about":[{"href":"https:\/\/all-pets.de\/shop\/wp-json\/wp\/v2\/types\/product"}],"replies":[{"embeddable":true,"href":"https:\/\/all-pets.de\/shop\/wp-json\/wp\/v2\/comments?post=45143"}],"wp:featuredmedia":[{"embeddable":true,"href":"https:\/\/all-pets.de\/shop\/wp-json\/wp\/v2\/media\/24793"}],"wp:attachment":[{"href":"https:\/\/all-pets.de\/shop\/wp-json\/wp\/v2\/media?parent=45143"}],"wp:term":[{"taxonomy":"product_cat","embeddable":true,"href":"https:\/\/all-pets.de\/shop\/wp-json\/wp\/v2\/product_cat?post=45143"},{"taxonomy":"product_tag","embeddable":true,"href":"https:\/\/all-pets.de\/shop\/wp-json\/wp\/v2\/product_tag?post=45143"}],"curies":[{"name":"wp","href":"https:\/\/api.w.org\/{rel}","templated":true}]}}