{"id":45162,"date":"2023-12-12T10:47:39","date_gmt":"2023-12-12T09:47:39","guid":{"rendered":"https:\/\/pet-shopping.de\/shop\/produkt\/trixie-premium-erste-hilfe-set\/"},"modified":"2023-12-12T10:47:43","modified_gmt":"2023-12-12T09:47:43","slug":"trixie-premium-erste-hilfe-set","status":"publish","type":"product","link":"https:\/\/all-pets.de\/shop\/produkt\/trixie-premium-erste-hilfe-set\/","title":{"rendered":"Trixie Premium Erste-Hilfe-Set"},"content":{"rendered":"<ul>\n<li> umfangreiches Set f\u00fcr die schnelle Erstversorgung der h\u00e4ufigsten Notf\u00e4lle <\/li>\n<li>mit Tier\u00e4rzten entwickelt<\/li>\n<li> f\u00fcr Hunde und Katzen <\/li>\n<li> 2 Wundkompressen (steril und selbstklebend) <\/li>\n<li> 2 Rollen Mullbinden (4 m) <\/li>\n<li> 1 Rolle elastische Mullbinde (4,5 m) <\/li>\n<li> 1 Rolle Klebeband <\/li>\n<li> 1 Schere <\/li>\n<li> 5 Pflaster <\/li>\n<li> 4 Alkoholtupfer <\/li>\n<li> 2 Mulltupfer (absorbierend) <\/li>\n<li> 2 Reinigungst\u00fccher (antiseptisch) <\/li>\n<li> 10 Wattest\u00e4bchen <\/li>\n<li> 2 Insektenstichpads <\/li>\n<li> 1 Zeckenzange <\/li>\n<li> 1 Pinzette <\/li>\n<li> 1 K\u00fchlkompresse <\/li>\n<li> 1 Rettungsdecke <\/li>\n<li> 1 Gummiaderpresse <\/li>\n<li> 1\u00a0Paar\u00a0Einmalhandschuhe <\/li>\n<li> kompakte Aufbewahrungstasche zum Aufh\u00e4ngen mit \u00fcbersichtlichen Stauf\u00e4chern <\/li>\n<li> inklusive Heft mit wertvollen Tipps zur richtigen Erstversorgung <\/li>\n<\/ul>\n","protected":false},"excerpt":{"rendered":"<p>umfangreiches Set f\u00fcr die schnelle Erstversorgung der h\u00e4ufigsten Notf\u00e4lle mit Tier\u00e4rzten entwickelt f\u00fcr Hunde und Katzen 2 Wundkompressen (steril und selbstklebend) 2 Rollen Mullbinden (4 m) 1 Rolle elastische Mullbinde (4,5 m) 1 Rolle Klebeband 1 Schere 5 Pflaster 4 Alkoholtupfer 2 Mulltupfer (absorbierend) 2 Reinigungst\u00fccher (antiseptisch) 10 Wattest\u00e4bchen 2 Insektenstichpads 1 Zeckenzange 1 Pinzette [&hellip;]<\/p>\n","protected":false},"featured_media":35714,"comment_status":"closed","ping_status":"open","template":"","meta":[],"product_cat":[13895],"product_tag":[],"class_list":{"0":"post-45162","1":"product","2":"type-product","3":"status-publish","4":"has-post-thumbnail","6":"product_cat-katzen-apotheke","8":"first","9":"instock","10":"taxable","11":"shipping-taxable","12":"purchasable","13":"product-type-simple"},"_links":{"self":[{"href":"https:\/\/all-pets.de\/shop\/wp-json\/wp\/v2\/product\/45162","targetHints":{"allow":["GET"]}}],"collection":[{"href":"https:\/\/all-pets.de\/shop\/wp-json\/wp\/v2\/product"}],"about":[{"href":"https:\/\/all-pets.de\/shop\/wp-json\/wp\/v2\/types\/product"}],"replies":[{"embeddable":true,"href":"https:\/\/all-pets.de\/shop\/wp-json\/wp\/v2\/comments?post=45162"}],"wp:featuredmedia":[{"embeddable":true,"href":"https:\/\/all-pets.de\/shop\/wp-json\/wp\/v2\/media\/35714"}],"wp:attachment":[{"href":"https:\/\/all-pets.de\/shop\/wp-json\/wp\/v2\/media?parent=45162"}],"wp:term":[{"taxonomy":"product_cat","embeddable":true,"href":"https:\/\/all-pets.de\/shop\/wp-json\/wp\/v2\/product_cat?post=45162"},{"taxonomy":"product_tag","embeddable":true,"href":"https:\/\/all-pets.de\/shop\/wp-json\/wp\/v2\/product_tag?post=45162"}],"curies":[{"name":"wp","href":"https:\/\/api.w.org\/{rel}","templated":true}]}}