{"id":45174,"date":"2023-12-12T10:47:45","date_gmt":"2023-12-12T09:47:45","guid":{"rendered":"https:\/\/pet-shopping.de\/shop\/produkt\/trixie-nylonboden-fuer-freilaufgehege-6250-trxi-6253-trxi\/"},"modified":"2023-12-12T10:47:46","modified_gmt":"2023-12-12T09:47:46","slug":"trixie-nylonboden-fuer-freilaufgehege-6250-trxi-6253-trxi","status":"publish","type":"product","link":"https:\/\/all-pets.de\/shop\/produkt\/trixie-nylonboden-fuer-freilaufgehege-6250-trxi-6253-trxi\/","title":{"rendered":"Trixie Nylonboden f\u00fcr Freilaufgehege 6250-TRXI\/6253-TRXI"},"content":{"rendered":"<div class=\"mb-3 row\">\n<div class=\"col\">\n<ul>\n<li>\n<ul>\n<ul>\n<li>f\u00fcr drinnen und drau\u00dfen<\/li>\n<li>sch\u00fctzt vor Verunreinigungen sowie Bodenn\u00e4sse und -k\u00e4lte<\/li>\n<li>verhindert ein Freigraben der Kleintiere<\/li>\n<li>mit Klettverschl\u00fcssen<\/li>\n<li>Polyester<\/li>\n<li>passend f\u00fcr Art.: 6250-TRXI\/6253-TRXI<\/li>\n<li>wasserabweisend<\/li>\n<li>per Handw\u00e4sche zu reinigen<\/li>\n<li>Farbe: schwarz<\/li>\n<\/ul>\n<\/ul>\n<\/li>\n<\/ul>\n<\/div>\n<\/div>\n","protected":false},"excerpt":{"rendered":"<p>f\u00fcr drinnen und drau\u00dfen sch\u00fctzt vor Verunreinigungen sowie Bodenn\u00e4sse und -k\u00e4lte verhindert ein Freigraben der Kleintiere mit Klettverschl\u00fcssen Polyester passend f\u00fcr Art.: 6250-TRXI\/6253-TRXI wasserabweisend per Handw\u00e4sche zu reinigen Farbe: schwarz<\/p>\n","protected":false},"featured_media":45175,"comment_status":"closed","ping_status":"open","template":"","meta":[],"product_cat":[13899],"product_tag":[],"class_list":{"0":"post-45174","1":"product","2":"type-product","3":"status-publish","4":"has-post-thumbnail","6":"product_cat-freigehege-fuer-kleintiere","8":"first","9":"instock","10":"taxable","11":"shipping-taxable","12":"purchasable","13":"product-type-simple"},"_links":{"self":[{"href":"https:\/\/all-pets.de\/shop\/wp-json\/wp\/v2\/product\/45174","targetHints":{"allow":["GET"]}}],"collection":[{"href":"https:\/\/all-pets.de\/shop\/wp-json\/wp\/v2\/product"}],"about":[{"href":"https:\/\/all-pets.de\/shop\/wp-json\/wp\/v2\/types\/product"}],"replies":[{"embeddable":true,"href":"https:\/\/all-pets.de\/shop\/wp-json\/wp\/v2\/comments?post=45174"}],"wp:featuredmedia":[{"embeddable":true,"href":"https:\/\/all-pets.de\/shop\/wp-json\/wp\/v2\/media\/45175"}],"wp:attachment":[{"href":"https:\/\/all-pets.de\/shop\/wp-json\/wp\/v2\/media?parent=45174"}],"wp:term":[{"taxonomy":"product_cat","embeddable":true,"href":"https:\/\/all-pets.de\/shop\/wp-json\/wp\/v2\/product_cat?post=45174"},{"taxonomy":"product_tag","embeddable":true,"href":"https:\/\/all-pets.de\/shop\/wp-json\/wp\/v2\/product_tag?post=45174"}],"curies":[{"name":"wp","href":"https:\/\/api.w.org\/{rel}","templated":true}]}}