{"id":45192,"date":"2023-12-12T10:47:45","date_gmt":"2023-12-12T09:47:45","guid":{"rendered":"https:\/\/pet-shopping.de\/shop\/produkt\/trixie-junior-kratzstamm-mit-spieltrommel\/"},"modified":"2023-12-12T10:47:48","modified_gmt":"2023-12-12T09:47:48","slug":"trixie-junior-kratzstamm-mit-spieltrommel","status":"publish","type":"product","link":"https:\/\/all-pets.de\/shop\/produkt\/trixie-junior-kratzstamm-mit-spieltrommel\/","title":{"rendered":"Trixie Junior Kratzstamm mit Spieltrommel"},"content":{"rendered":"<ul>\n<li>Sisal: \u00f8 4 mm\/Pl\u00fcsch (Polyester): 150 g\/m\u00b2<\/li>\n<li>Farbe: flieder<\/li>\n<li>H\u00f6he: ca. 47 cm<\/li>\n<li>Grundfl\u00e4che: ca. \u00f8 26 cm<\/li>\n<li>Stamm: ca. \u00f8 6,5 cm<\/li>\n<\/ul>\n","protected":false},"excerpt":{"rendered":"<p>Sisal: \u00f8 4 mm\/Pl\u00fcsch (Polyester): 150 g\/m\u00b2 Farbe: flieder H\u00f6he: ca. 47 cm Grundfl\u00e4che: ca. \u00f8 26 cm Stamm: ca. \u00f8 6,5 cm<\/p>\n","protected":false},"featured_media":45193,"comment_status":"closed","ping_status":"open","template":"","meta":[],"product_cat":[13901],"product_tag":[],"class_list":{"0":"post-45192","1":"product","2":"type-product","3":"status-publish","4":"has-post-thumbnail","6":"product_cat-bis-100-cm","8":"first","9":"instock","10":"taxable","11":"shipping-taxable","12":"purchasable","13":"product-type-simple"},"_links":{"self":[{"href":"https:\/\/all-pets.de\/shop\/wp-json\/wp\/v2\/product\/45192","targetHints":{"allow":["GET"]}}],"collection":[{"href":"https:\/\/all-pets.de\/shop\/wp-json\/wp\/v2\/product"}],"about":[{"href":"https:\/\/all-pets.de\/shop\/wp-json\/wp\/v2\/types\/product"}],"replies":[{"embeddable":true,"href":"https:\/\/all-pets.de\/shop\/wp-json\/wp\/v2\/comments?post=45192"}],"wp:featuredmedia":[{"embeddable":true,"href":"https:\/\/all-pets.de\/shop\/wp-json\/wp\/v2\/media\/45193"}],"wp:attachment":[{"href":"https:\/\/all-pets.de\/shop\/wp-json\/wp\/v2\/media?parent=45192"}],"wp:term":[{"taxonomy":"product_cat","embeddable":true,"href":"https:\/\/all-pets.de\/shop\/wp-json\/wp\/v2\/product_cat?post=45192"},{"taxonomy":"product_tag","embeddable":true,"href":"https:\/\/all-pets.de\/shop\/wp-json\/wp\/v2\/product_tag?post=45192"}],"curies":[{"name":"wp","href":"https:\/\/api.w.org\/{rel}","templated":true}]}}