{"id":45236,"date":"2023-12-12T10:47:53","date_gmt":"2023-12-12T09:47:53","guid":{"rendered":"https:\/\/pet-shopping.de\/shop\/produkt\/2glow-tear-the-square-snack-cube\/"},"modified":"2023-12-12T10:47:55","modified_gmt":"2023-12-12T09:47:55","slug":"2glow-tear-the-square-snack-cube","status":"publish","type":"product","link":"https:\/\/all-pets.de\/shop\/produkt\/2glow-tear-the-square-snack-cube\/","title":{"rendered":"2Glow Tear the square &#8211; Snack-Cube"},"content":{"rendered":"<p>Wird Ihr Hund auch traurig, wenn es dunkel wird und er nicht mehr drau\u00dfen spielen kann mit Ihnen? Das geh\u00f6rt der Vergangenheit an, ab jetzt ist es m\u00f6glich um auch im Dunkeln zu spielen. Dieses Spielzeug leuchtet im Dunkeln und deshalb kann das Spielen noch stundenlang andauern, eben im Dunkeln.<\/p>\n<p>Der 2Glow Tear the square ist sehr stabil, reinigt die Z\u00e4hne und massiert das Zahnfleisch.<br \/> Durch die \u00d6ffnung k\u00f6nnen Leckerlis in den W\u00fcrfel gesteckt werden, die dann beim Spielen herausfallen.<\/p>\n<p>Gr\u00f6\u00dfe: ca. 7 cm<\/p>\n","protected":false},"excerpt":{"rendered":"<p>Wird Ihr Hund auch traurig, wenn es dunkel wird und er nicht mehr drau\u00dfen spielen kann mit Ihnen? Das geh\u00f6rt der Vergangenheit an, ab jetzt ist es m\u00f6glich um auch im Dunkeln zu spielen. Dieses Spielzeug leuchtet im Dunkeln und deshalb kann das Spielen noch stundenlang andauern, eben im Dunkeln. Der 2Glow Tear the square [&hellip;]<\/p>\n","protected":false},"featured_media":23488,"comment_status":"closed","ping_status":"open","template":"","meta":[],"product_cat":[13919],"product_tag":[],"class_list":{"0":"post-45236","1":"product","2":"type-product","3":"status-publish","4":"has-post-thumbnail","6":"product_cat-intelligenz-hundespielzeug-sport-intelligenz-spielzeughundewelt-katzenspielzeug-leuchtspielzeugkatzenwelt","8":"first","9":"instock","10":"taxable","11":"shipping-taxable","12":"purchasable","13":"product-type-simple"},"_links":{"self":[{"href":"https:\/\/all-pets.de\/shop\/wp-json\/wp\/v2\/product\/45236","targetHints":{"allow":["GET"]}}],"collection":[{"href":"https:\/\/all-pets.de\/shop\/wp-json\/wp\/v2\/product"}],"about":[{"href":"https:\/\/all-pets.de\/shop\/wp-json\/wp\/v2\/types\/product"}],"replies":[{"embeddable":true,"href":"https:\/\/all-pets.de\/shop\/wp-json\/wp\/v2\/comments?post=45236"}],"wp:featuredmedia":[{"embeddable":true,"href":"https:\/\/all-pets.de\/shop\/wp-json\/wp\/v2\/media\/23488"}],"wp:attachment":[{"href":"https:\/\/all-pets.de\/shop\/wp-json\/wp\/v2\/media?parent=45236"}],"wp:term":[{"taxonomy":"product_cat","embeddable":true,"href":"https:\/\/all-pets.de\/shop\/wp-json\/wp\/v2\/product_cat?post=45236"},{"taxonomy":"product_tag","embeddable":true,"href":"https:\/\/all-pets.de\/shop\/wp-json\/wp\/v2\/product_tag?post=45236"}],"curies":[{"name":"wp","href":"https:\/\/api.w.org\/{rel}","templated":true}]}}