{"id":45257,"date":"2023-12-12T10:47:57","date_gmt":"2023-12-12T09:47:57","guid":{"rendered":"https:\/\/pet-shopping.de\/shop\/produkt\/trixie-schaukel-195-x-195-x-27-cm\/"},"modified":"2023-12-12T10:48:00","modified_gmt":"2023-12-12T09:48:00","slug":"trixie-schaukel-195-x-195-x-27-cm","status":"publish","type":"product","link":"https:\/\/all-pets.de\/shop\/produkt\/trixie-schaukel-195-x-195-x-27-cm\/","title":{"rendered":"Trixie Schaukel &#8211; 19,5 \u00d7 19,5 \u00d7 27 cm"},"content":{"rendered":"<div class=\"mb-3 row\">\n<div class=\"col\">\n<ul>\n<li>\n<ul>\n<ul>\n<li>Kiefernholz<\/li>\n<li>entwickelt in Zusammenarbeit mit dem Weltvogelpark Walsrode<\/li>\n<li>Ma\u00dfe: ca. 19,5 \u00d7 19,5 \u00d7 27 cm<\/li>\n<li>geeignet z.B. f\u00fcr Wellensittiche<\/li>\n<\/ul>\n<\/ul>\n<div class=\"infotextWrap\">\n<p><\/p>\n<p>Wir legen viel Wert auf die Gesundheit Ihres Tieres. Aus diesem Grund verwenden wir nur Holzarten, die keine Harzkan\u00e4le besitzen und Leimsorten, die ungiftig sind.<\/p>\n<\/div>\n<\/li>\n<\/ul>\n<\/div>\n<\/div>\n","protected":false},"excerpt":{"rendered":"<p>Kiefernholz entwickelt in Zusammenarbeit mit dem Weltvogelpark Walsrode Ma\u00dfe: ca. 19,5 \u00d7 19,5 \u00d7 27 cm geeignet z.B. f\u00fcr Wellensittiche Wir legen viel Wert auf die Gesundheit Ihres Tieres. Aus diesem Grund verwenden wir nur Holzarten, die keine Harzkan\u00e4le besitzen und Leimsorten, die ungiftig sind.<\/p>\n","protected":false},"featured_media":45258,"comment_status":"closed","ping_status":"open","template":"","meta":[],"product_cat":[13807],"product_tag":[],"class_list":{"0":"post-45257","1":"product","2":"type-product","3":"status-publish","4":"has-post-thumbnail","6":"product_cat-spielzeug-ausstattung-zubehoer-vogelschaukelnvogelwelt-ausstattung-zubehoer-vogelwelt","8":"first","9":"instock","10":"taxable","11":"shipping-taxable","12":"purchasable","13":"product-type-simple"},"_links":{"self":[{"href":"https:\/\/all-pets.de\/shop\/wp-json\/wp\/v2\/product\/45257","targetHints":{"allow":["GET"]}}],"collection":[{"href":"https:\/\/all-pets.de\/shop\/wp-json\/wp\/v2\/product"}],"about":[{"href":"https:\/\/all-pets.de\/shop\/wp-json\/wp\/v2\/types\/product"}],"replies":[{"embeddable":true,"href":"https:\/\/all-pets.de\/shop\/wp-json\/wp\/v2\/comments?post=45257"}],"wp:featuredmedia":[{"embeddable":true,"href":"https:\/\/all-pets.de\/shop\/wp-json\/wp\/v2\/media\/45258"}],"wp:attachment":[{"href":"https:\/\/all-pets.de\/shop\/wp-json\/wp\/v2\/media?parent=45257"}],"wp:term":[{"taxonomy":"product_cat","embeddable":true,"href":"https:\/\/all-pets.de\/shop\/wp-json\/wp\/v2\/product_cat?post=45257"},{"taxonomy":"product_tag","embeddable":true,"href":"https:\/\/all-pets.de\/shop\/wp-json\/wp\/v2\/product_tag?post=45257"}],"curies":[{"name":"wp","href":"https:\/\/api.w.org\/{rel}","templated":true}]}}