{"id":45293,"date":"2023-12-12T10:47:57","date_gmt":"2023-12-12T09:47:57","guid":{"rendered":"https:\/\/pet-shopping.de\/shop\/produkt\/trixie-sitzstange-aus-drachenholz\/"},"modified":"2023-12-12T10:48:08","modified_gmt":"2023-12-12T09:48:08","slug":"trixie-sitzstange-aus-drachenholz","status":"publish","type":"product","link":"https:\/\/all-pets.de\/shop\/produkt\/trixie-sitzstange-aus-drachenholz\/","title":{"rendered":"Trixie Sitzstange aus Drachenholz"},"content":{"rendered":"<div class=\"mb-3 row\">\n<div class=\"col\">\n<ul>\n<li>\n<ul>\n<ul>\n<li>tiergerechte Ausf\u00fchrung durch nat\u00fcrliche Form<\/li>\n<li>zum Einh\u00e4ngen<\/li>\n<li>Drachenholz<\/li>\n<li>entwickelt in Zusammenarbeit mit dem Weltvogelpark Walsrode<\/li>\n<li>Ma\u00dfe: ca. 36 cm\/\u00f8 25 mm<\/li>\n<li>geeignet z.B. f\u00fcr Nymphensittiche<\/li>\n<\/ul>\n<\/ul>\n<\/li>\n<\/ul>\n<\/div>\n<\/div>\n","protected":false},"excerpt":{"rendered":"<p>tiergerechte Ausf\u00fchrung durch nat\u00fcrliche Form zum Einh\u00e4ngen Drachenholz entwickelt in Zusammenarbeit mit dem Weltvogelpark Walsrode Ma\u00dfe: ca. 36 cm\/\u00f8 25 mm geeignet z.B. f\u00fcr Nymphensittiche<\/p>\n","protected":false},"featured_media":45294,"comment_status":"closed","ping_status":"open","template":"","meta":[],"product_cat":[13935],"product_tag":[],"class_list":{"0":"post-45293","1":"product","2":"type-product","3":"status-publish","4":"has-post-thumbnail","6":"product_cat-sitzstangen-ausstattung-zubehoer-vogelwelt","8":"first","9":"instock","10":"taxable","11":"shipping-taxable","12":"purchasable","13":"product-type-simple"},"_links":{"self":[{"href":"https:\/\/all-pets.de\/shop\/wp-json\/wp\/v2\/product\/45293","targetHints":{"allow":["GET"]}}],"collection":[{"href":"https:\/\/all-pets.de\/shop\/wp-json\/wp\/v2\/product"}],"about":[{"href":"https:\/\/all-pets.de\/shop\/wp-json\/wp\/v2\/types\/product"}],"replies":[{"embeddable":true,"href":"https:\/\/all-pets.de\/shop\/wp-json\/wp\/v2\/comments?post=45293"}],"wp:featuredmedia":[{"embeddable":true,"href":"https:\/\/all-pets.de\/shop\/wp-json\/wp\/v2\/media\/45294"}],"wp:attachment":[{"href":"https:\/\/all-pets.de\/shop\/wp-json\/wp\/v2\/media?parent=45293"}],"wp:term":[{"taxonomy":"product_cat","embeddable":true,"href":"https:\/\/all-pets.de\/shop\/wp-json\/wp\/v2\/product_cat?post=45293"},{"taxonomy":"product_tag","embeddable":true,"href":"https:\/\/all-pets.de\/shop\/wp-json\/wp\/v2\/product_tag?post=45293"}],"curies":[{"name":"wp","href":"https:\/\/api.w.org\/{rel}","templated":true}]}}