{"id":45311,"date":"2023-12-12T10:48:12","date_gmt":"2023-12-12T09:48:12","guid":{"rendered":"https:\/\/pet-shopping.de\/shop\/produkt\/trixie-kratzbaum-xxl-tazio\/"},"modified":"2023-12-12T10:48:12","modified_gmt":"2023-12-12T09:48:12","slug":"trixie-kratzbaum-xxl-tazio","status":"publish","type":"product","link":"https:\/\/all-pets.de\/shop\/produkt\/trixie-kratzbaum-xxl-tazio\/","title":{"rendered":"Trixie Kratzbaum XXL Tazio"},"content":{"rendered":"<ul>\n<li>Empfehlenswert f\u00fcr \u00e4ltere und k\u00f6rperlich beeintr\u00e4chtigte Tiere<\/li>\n<li>besonders f\u00fcr gro\u00dfe Katzen geeignet<\/li>\n<li>Sisal: \u00f8 6 mm\/M\u00f6belstoff (Polyester) <\/li>\n<li>2 Vital Kissen mit viskoelastischem Schaum: Maschinenw\u00e4sche bis 30 \u00b0C\/Inlett: Handw\u00e4sche<\/li>\n<li>mit Sisalkratzfl\u00e4che<\/li>\n<li>gepolsterte Liegeplatten<\/li>\n<li>dicke, schwere Bodenplatte<\/li>\n<li>Farbe: grau<\/li>\n<li>Grundfl\u00e4che: ca. 58 \u00d7 58 cm<\/li>\n<li>H\u00f6he: ca. 97 cm<\/li>\n<li>St\u00e4mme: ca. \u00f8 11\/17 cm<\/li>\n<\/ul>\n","protected":false},"excerpt":{"rendered":"<p>Empfehlenswert f\u00fcr \u00e4ltere und k\u00f6rperlich beeintr\u00e4chtigte Tiere besonders f\u00fcr gro\u00dfe Katzen geeignet Sisal: \u00f8 6 mm\/M\u00f6belstoff (Polyester) 2 Vital Kissen mit viskoelastischem Schaum: Maschinenw\u00e4sche bis 30 \u00b0C\/Inlett: Handw\u00e4sche mit Sisalkratzfl\u00e4che gepolsterte Liegeplatten dicke, schwere Bodenplatte Farbe: grau Grundfl\u00e4che: ca. 58 \u00d7 58 cm H\u00f6he: ca. 97 cm St\u00e4mme: ca. \u00f8 11\/17 cm<\/p>\n","protected":false},"featured_media":45312,"comment_status":"closed","ping_status":"open","template":"","meta":[],"product_cat":[13936],"product_tag":[],"class_list":{"0":"post-45311","1":"product","2":"type-product","3":"status-publish","4":"has-post-thumbnail","6":"product_cat-bis-100-cm-kratzbaeume-moebel-kratzbaum-fuer-grosse-katzenkatzenwelt","8":"first","9":"instock","10":"taxable","11":"shipping-taxable","12":"purchasable","13":"product-type-simple"},"_links":{"self":[{"href":"https:\/\/all-pets.de\/shop\/wp-json\/wp\/v2\/product\/45311","targetHints":{"allow":["GET"]}}],"collection":[{"href":"https:\/\/all-pets.de\/shop\/wp-json\/wp\/v2\/product"}],"about":[{"href":"https:\/\/all-pets.de\/shop\/wp-json\/wp\/v2\/types\/product"}],"replies":[{"embeddable":true,"href":"https:\/\/all-pets.de\/shop\/wp-json\/wp\/v2\/comments?post=45311"}],"wp:featuredmedia":[{"embeddable":true,"href":"https:\/\/all-pets.de\/shop\/wp-json\/wp\/v2\/media\/45312"}],"wp:attachment":[{"href":"https:\/\/all-pets.de\/shop\/wp-json\/wp\/v2\/media?parent=45311"}],"wp:term":[{"taxonomy":"product_cat","embeddable":true,"href":"https:\/\/all-pets.de\/shop\/wp-json\/wp\/v2\/product_cat?post=45311"},{"taxonomy":"product_tag","embeddable":true,"href":"https:\/\/all-pets.de\/shop\/wp-json\/wp\/v2\/product_tag?post=45311"}],"curies":[{"name":"wp","href":"https:\/\/api.w.org\/{rel}","templated":true}]}}