{"id":45393,"date":"2023-12-12T10:48:20","date_gmt":"2023-12-12T09:48:20","guid":{"rendered":"https:\/\/pet-shopping.de\/shop\/produkt\/trixie-bausatz-meisenkasten-aus-holz\/"},"modified":"2023-12-12T10:48:26","modified_gmt":"2023-12-12T09:48:26","slug":"trixie-bausatz-meisenkasten-aus-holz","status":"publish","type":"product","link":"https:\/\/all-pets.de\/shop\/produkt\/trixie-bausatz-meisenkasten-aus-holz\/","title":{"rendered":"Trixie Bausatz Meisenkasten aus Holz"},"content":{"rendered":"<ul>\n<li>f\u00fcr Meisen<\/li>\n<li>mit bebilderter Bauanleitung und Holzhammer<\/li>\n<li>mit aufklappbarem Deckel<\/li>\n<li>Holz, unbehandelt<\/li>\n<li>Ma\u00dfe: ca. 12 \u00d7 36 \u00d7 15 cm<\/li>\n<li>f\u00fcr z. B.: Kleinmeisen<\/li>\n<\/ul>\n","protected":false},"excerpt":{"rendered":"<p>f\u00fcr Meisen mit bebilderter Bauanleitung und Holzhammer mit aufklappbarem Deckel Holz, unbehandelt Ma\u00dfe: ca. 12 \u00d7 36 \u00d7 15 cm f\u00fcr z. B.: Kleinmeisen<\/p>\n","protected":false},"featured_media":45394,"comment_status":"closed","ping_status":"open","template":"","meta":[],"product_cat":[13813],"product_tag":[],"class_list":{"0":"post-45393","1":"product","2":"type-product","3":"status-publish","4":"has-post-thumbnail","6":"product_cat-futterhaeuser-nistkaesten","8":"first","9":"instock","10":"taxable","11":"shipping-taxable","12":"purchasable","13":"product-type-simple"},"_links":{"self":[{"href":"https:\/\/all-pets.de\/shop\/wp-json\/wp\/v2\/product\/45393","targetHints":{"allow":["GET"]}}],"collection":[{"href":"https:\/\/all-pets.de\/shop\/wp-json\/wp\/v2\/product"}],"about":[{"href":"https:\/\/all-pets.de\/shop\/wp-json\/wp\/v2\/types\/product"}],"replies":[{"embeddable":true,"href":"https:\/\/all-pets.de\/shop\/wp-json\/wp\/v2\/comments?post=45393"}],"wp:featuredmedia":[{"embeddable":true,"href":"https:\/\/all-pets.de\/shop\/wp-json\/wp\/v2\/media\/45394"}],"wp:attachment":[{"href":"https:\/\/all-pets.de\/shop\/wp-json\/wp\/v2\/media?parent=45393"}],"wp:term":[{"taxonomy":"product_cat","embeddable":true,"href":"https:\/\/all-pets.de\/shop\/wp-json\/wp\/v2\/product_cat?post=45393"},{"taxonomy":"product_tag","embeddable":true,"href":"https:\/\/all-pets.de\/shop\/wp-json\/wp\/v2\/product_tag?post=45393"}],"curies":[{"name":"wp","href":"https:\/\/api.w.org\/{rel}","templated":true}]}}