{"id":45477,"date":"2023-12-12T10:48:41","date_gmt":"2023-12-12T09:48:41","guid":{"rendered":"https:\/\/pet-shopping.de\/shop\/produkt\/jr-farm-bluetenwiese-100g\/"},"modified":"2023-12-12T10:48:43","modified_gmt":"2023-12-12T09:48:43","slug":"jr-farm-bluetenwiese-100g","status":"publish","type":"product","link":"https:\/\/all-pets.de\/shop\/produkt\/jr-farm-bluetenwiese-100g\/","title":{"rendered":"JR Farm Bl\u00fctenwiese 100g"},"content":{"rendered":"<p>JR FARM Bl\u00fctenwiese gesundes Raufutter f\u00fcr jeden Tag<\/p>\n<p>Dieser duftende Leckerbissen f\u00fcr Feinschmecker besteht aus schonend getrocknetem Wiesengras mit aromatischen Bl\u00fcten und ist daher reich an nat\u00fcrlichen Vitaminen. <br \/> Der hohe Rohfasergehalt sorgt f\u00fcr eine optimale Verdauung und steigert somit das Wohlbefinden.<\/p>\n<div>F\u00fctterungsempfehlung:<\/div>\n<div>Gemischt mit Heu oder anderen Kr\u00e4utern, oder zus\u00e4tzlich zur t\u00e4glichen Heuration.<\/div>\n<div>\u00a0<\/div>\n<div>Zusammensetzung:<\/div>\n<div>Heu 80%, Ringelblumenbl\u00fcten 20%<\/div>\n<div>\u00a0<\/div>\n<div>Analytische Bestandteile:<\/div>\n<div>Protein 12,2%, Fettgehalt 4,3%, Rohfaser 23,4%, Rohasche 8,2%, Feuchtigkeit 9,8%<\/div>\n<div>\u00a0<\/div>\n","protected":false},"excerpt":{"rendered":"<p>JR FARM Bl\u00fctenwiese gesundes Raufutter f\u00fcr jeden Tag Dieser duftende Leckerbissen f\u00fcr Feinschmecker besteht aus schonend getrocknetem Wiesengras mit aromatischen Bl\u00fcten und ist daher reich an nat\u00fcrlichen Vitaminen. Der hohe Rohfasergehalt sorgt f\u00fcr eine optimale Verdauung und steigert somit das Wohlbefinden. F\u00fctterungsempfehlung: Gemischt mit Heu oder anderen Kr\u00e4utern, oder zus\u00e4tzlich zur t\u00e4glichen Heuration. \u00a0 Zusammensetzung: [&hellip;]<\/p>\n","protected":false},"featured_media":4639,"comment_status":"closed","ping_status":"open","template":"","meta":[],"product_cat":[13982],"product_tag":[],"class_list":{"0":"post-45477","1":"product","2":"type-product","3":"status-publish","4":"has-post-thumbnail","6":"product_cat-degu-kleintierfutter-snacks-rattekleintierwelt-kleintierfutter-snacks-gerbilkleintierwelt-kleintierfutter-snacks-2","8":"first","9":"instock","10":"taxable","11":"shipping-taxable","12":"purchasable","13":"product-type-simple"},"_links":{"self":[{"href":"https:\/\/all-pets.de\/shop\/wp-json\/wp\/v2\/product\/45477","targetHints":{"allow":["GET"]}}],"collection":[{"href":"https:\/\/all-pets.de\/shop\/wp-json\/wp\/v2\/product"}],"about":[{"href":"https:\/\/all-pets.de\/shop\/wp-json\/wp\/v2\/types\/product"}],"replies":[{"embeddable":true,"href":"https:\/\/all-pets.de\/shop\/wp-json\/wp\/v2\/comments?post=45477"}],"wp:featuredmedia":[{"embeddable":true,"href":"https:\/\/all-pets.de\/shop\/wp-json\/wp\/v2\/media\/4639"}],"wp:attachment":[{"href":"https:\/\/all-pets.de\/shop\/wp-json\/wp\/v2\/media?parent=45477"}],"wp:term":[{"taxonomy":"product_cat","embeddable":true,"href":"https:\/\/all-pets.de\/shop\/wp-json\/wp\/v2\/product_cat?post=45477"},{"taxonomy":"product_tag","embeddable":true,"href":"https:\/\/all-pets.de\/shop\/wp-json\/wp\/v2\/product_tag?post=45477"}],"curies":[{"name":"wp","href":"https:\/\/api.w.org\/{rel}","templated":true}]}}