{"id":45511,"date":"2023-12-12T10:48:48","date_gmt":"2023-12-12T09:48:48","guid":{"rendered":"https:\/\/pet-shopping.de\/shop\/produkt\/jr-farm-farmys-banane-und-blaubeere-2er\/"},"modified":"2023-12-12T10:48:49","modified_gmt":"2023-12-12T09:48:49","slug":"jr-farm-farmys-banane-und-blaubeere-2er","status":"publish","type":"product","link":"https:\/\/all-pets.de\/shop\/produkt\/jr-farm-farmys-banane-und-blaubeere-2er\/","title":{"rendered":"JR Farm FARMYs Banane und Blaubeere 2er"},"content":{"rendered":"<p>FARMYs Banane und Blaubeere <br \/> &#8211; Erg\u00e4nzungsfuttermittel f\u00fcr Nager<\/p>\n<p> Die lecker gebackenen FARMYs mit Ei und vielen gesunden Zutaten. <\/p>\n<p> Zusammensetzung: <br \/> Getreide, Saaten, Gem\u00fcse, Fr\u00fcchte (Banane 10%, Blaubeere 4%), N\u00fcsse, Ei und Eierzeugnisse <\/p>\n<p> Inhaltsstoffe: <br \/> Rohprotein: 13,5%<br \/> Rohfett: 12,1%<br \/> Rohfaser: 8,0%<br \/> Rohasche: 4,2%, <\/p>\n<p>Qualit\u00e4t aus Bayern!<br \/> JR Farm hat es sich zur Aufgabe gemacht, artgerechtes und gesundes Futter f\u00fcr Heimtiere zu produzieren.<br \/> Im eigenen landwirtschaftlichen Betrieb erntet JR Farm viele der verwendeten Rohstoffe und kann so beste bayerische Qualit\u00e4t garantieren. <br \/> Die Liebe zu den Tieren und der t\u00e4gliche Umgang mit Ihnen bildet den Antrieb um immer neue, gesunde, bedarfsgerechte Leckerbissen zu entwickeln.<\/p>\n","protected":false},"excerpt":{"rendered":"<p>FARMYs Banane und Blaubeere &#8211; Erg\u00e4nzungsfuttermittel f\u00fcr Nager Die lecker gebackenen FARMYs mit Ei und vielen gesunden Zutaten. Zusammensetzung: Getreide, Saaten, Gem\u00fcse, Fr\u00fcchte (Banane 10%, Blaubeere 4%), N\u00fcsse, Ei und Eierzeugnisse Inhaltsstoffe: Rohprotein: 13,5% Rohfett: 12,1% Rohfaser: 8,0% Rohasche: 4,2%, Qualit\u00e4t aus Bayern! JR Farm hat es sich zur Aufgabe gemacht, artgerechtes und gesundes Futter [&hellip;]<\/p>\n","protected":false},"featured_media":25544,"comment_status":"closed","ping_status":"open","template":"","meta":[],"product_cat":[13683],"product_tag":[],"class_list":{"0":"post-45511","1":"product","2":"type-product","3":"status-publish","4":"has-post-thumbnail","6":"product_cat-jr-farm","8":"first","9":"instock","10":"taxable","11":"shipping-taxable","12":"purchasable","13":"product-type-simple"},"_links":{"self":[{"href":"https:\/\/all-pets.de\/shop\/wp-json\/wp\/v2\/product\/45511","targetHints":{"allow":["GET"]}}],"collection":[{"href":"https:\/\/all-pets.de\/shop\/wp-json\/wp\/v2\/product"}],"about":[{"href":"https:\/\/all-pets.de\/shop\/wp-json\/wp\/v2\/types\/product"}],"replies":[{"embeddable":true,"href":"https:\/\/all-pets.de\/shop\/wp-json\/wp\/v2\/comments?post=45511"}],"wp:featuredmedia":[{"embeddable":true,"href":"https:\/\/all-pets.de\/shop\/wp-json\/wp\/v2\/media\/25544"}],"wp:attachment":[{"href":"https:\/\/all-pets.de\/shop\/wp-json\/wp\/v2\/media?parent=45511"}],"wp:term":[{"taxonomy":"product_cat","embeddable":true,"href":"https:\/\/all-pets.de\/shop\/wp-json\/wp\/v2\/product_cat?post=45511"},{"taxonomy":"product_tag","embeddable":true,"href":"https:\/\/all-pets.de\/shop\/wp-json\/wp\/v2\/product_tag?post=45511"}],"curies":[{"name":"wp","href":"https:\/\/api.w.org\/{rel}","templated":true}]}}