{"id":45516,"date":"2023-12-12T10:48:48","date_gmt":"2023-12-12T09:48:48","guid":{"rendered":"https:\/\/pet-shopping.de\/shop\/produkt\/jr-farm-kleintier-toilette-1kg\/"},"modified":"2023-12-12T10:48:49","modified_gmt":"2023-12-12T09:48:49","slug":"jr-farm-kleintier-toilette-1kg","status":"publish","type":"product","link":"https:\/\/all-pets.de\/shop\/produkt\/jr-farm-kleintier-toilette-1kg\/","title":{"rendered":"JR Farm Kleintier Toilette 1kg"},"content":{"rendered":"<p>KLEINTIER TOILETTE<br \/> &#8211; Einstreu f\u00fcr Hamster, Meerschweinchen und andere Kleintiere<\/p>\n<p>Damit sich Ihr Tier in seinem Zuhause wohl f\u00fchlt und es sauber bleibt, bieten Sie ihm st\u00e4ndig frische JR FARM Kleintier-Toilette in einer Ecke des K\u00e4figs an.<\/p>\n","protected":false},"excerpt":{"rendered":"<p>KLEINTIER TOILETTE &#8211; Einstreu f\u00fcr Hamster, Meerschweinchen und andere Kleintiere Damit sich Ihr Tier in seinem Zuhause wohl f\u00fchlt und es sauber bleibt, bieten Sie ihm st\u00e4ndig frische JR FARM Kleintier-Toilette in einer Ecke des K\u00e4figs an.<\/p>\n","protected":false},"featured_media":25550,"comment_status":"closed","ping_status":"open","template":"","meta":[],"product_cat":[14007],"product_tag":[],"class_list":{"0":"post-45516","1":"product","2":"type-product","3":"status-publish","4":"has-post-thumbnail","6":"product_cat-einstreu-nistmaterial-ausstattung-zubehoer-jr-farmkleintierwelt","8":"first","9":"instock","10":"taxable","11":"shipping-taxable","12":"purchasable","13":"product-type-simple"},"_links":{"self":[{"href":"https:\/\/all-pets.de\/shop\/wp-json\/wp\/v2\/product\/45516","targetHints":{"allow":["GET"]}}],"collection":[{"href":"https:\/\/all-pets.de\/shop\/wp-json\/wp\/v2\/product"}],"about":[{"href":"https:\/\/all-pets.de\/shop\/wp-json\/wp\/v2\/types\/product"}],"replies":[{"embeddable":true,"href":"https:\/\/all-pets.de\/shop\/wp-json\/wp\/v2\/comments?post=45516"}],"wp:featuredmedia":[{"embeddable":true,"href":"https:\/\/all-pets.de\/shop\/wp-json\/wp\/v2\/media\/25550"}],"wp:attachment":[{"href":"https:\/\/all-pets.de\/shop\/wp-json\/wp\/v2\/media?parent=45516"}],"wp:term":[{"taxonomy":"product_cat","embeddable":true,"href":"https:\/\/all-pets.de\/shop\/wp-json\/wp\/v2\/product_cat?post=45516"},{"taxonomy":"product_tag","embeddable":true,"href":"https:\/\/all-pets.de\/shop\/wp-json\/wp\/v2\/product_tag?post=45516"}],"curies":[{"name":"wp","href":"https:\/\/api.w.org\/{rel}","templated":true}]}}