{"id":45522,"date":"2023-12-12T10:48:48","date_gmt":"2023-12-12T09:48:48","guid":{"rendered":"https:\/\/pet-shopping.de\/shop\/produkt\/jr-farm-gemuese-traum-200g\/"},"modified":"2023-12-12T10:48:51","modified_gmt":"2023-12-12T09:48:51","slug":"jr-farm-gemuese-traum-200g","status":"publish","type":"product","link":"https:\/\/all-pets.de\/shop\/produkt\/jr-farm-gemuese-traum-200g\/","title":{"rendered":"JR Farm Gem\u00fcse-Traum 200g"},"content":{"rendered":"<div>Nager-Traum ist eine bunte Mischung aus hochwertigen Gem\u00fcse- und Getreidesorten. Vitaminreich und leicht verdaulich!<\/div>\n<div>\u00a0<\/div>\n<div>F\u00fctterungsempfehlung:<\/div>\n<div>Je nach Gr\u00f6\u00dfe des Tieres t\u00e4glich bis zu 2 Essl\u00f6ffel pur oder untergemischt im Hauptfutter.<\/div>\n<div>\u00a0<\/div>\n<div>Zusammensetzung:<\/div>\n<div>Petersilie, extrudiertes Maismehl, Maisflocken, Karotten 6%, Kartoffeln, Rote Beete 6%, Lauch <\/div>\n<div>\u00a0<\/div>\n<div>Zusatzstoffe:<\/div>\n<div>Eisen(III)-oxid 8 mg <\/div>\n<div>\u00a0<\/div>\n<div>Analytische Bestandteile:<\/div>\n<div>Protein 11,1%, Fettgehalt 2,6%, Rohfaser 9,1%, Rohasche 7,1%,<\/div>\n<div>\u00a0<\/div>\n<div>200 g<\/div>\n<div>\u00a0<\/div>\n<div>\u00a0<\/div>\n","protected":false},"excerpt":{"rendered":"<p>Nager-Traum ist eine bunte Mischung aus hochwertigen Gem\u00fcse- und Getreidesorten. Vitaminreich und leicht verdaulich! \u00a0 F\u00fctterungsempfehlung: Je nach Gr\u00f6\u00dfe des Tieres t\u00e4glich bis zu 2 Essl\u00f6ffel pur oder untergemischt im Hauptfutter. \u00a0 Zusammensetzung: Petersilie, extrudiertes Maismehl, Maisflocken, Karotten 6%, Kartoffeln, Rote Beete 6%, Lauch \u00a0 Zusatzstoffe: Eisen(III)-oxid 8 mg \u00a0 Analytische Bestandteile: Protein 11,1%, Fettgehalt [&hellip;]<\/p>\n","protected":false},"featured_media":25562,"comment_status":"closed","ping_status":"open","template":"","meta":[],"product_cat":[14028],"product_tag":[],"class_list":{"0":"post-45522","1":"product","2":"type-product","3":"status-publish","4":"has-post-thumbnail","6":"product_cat-zwerg-hamster-kleintierfutter-snacks-chinchillakleintierwelt-kleintierfutter-snacks-degukleintierwelt-kleintierfutter-snacks-2","8":"first","9":"instock","10":"taxable","11":"shipping-taxable","12":"purchasable","13":"product-type-simple"},"_links":{"self":[{"href":"https:\/\/all-pets.de\/shop\/wp-json\/wp\/v2\/product\/45522","targetHints":{"allow":["GET"]}}],"collection":[{"href":"https:\/\/all-pets.de\/shop\/wp-json\/wp\/v2\/product"}],"about":[{"href":"https:\/\/all-pets.de\/shop\/wp-json\/wp\/v2\/types\/product"}],"replies":[{"embeddable":true,"href":"https:\/\/all-pets.de\/shop\/wp-json\/wp\/v2\/comments?post=45522"}],"wp:featuredmedia":[{"embeddable":true,"href":"https:\/\/all-pets.de\/shop\/wp-json\/wp\/v2\/media\/25562"}],"wp:attachment":[{"href":"https:\/\/all-pets.de\/shop\/wp-json\/wp\/v2\/media?parent=45522"}],"wp:term":[{"taxonomy":"product_cat","embeddable":true,"href":"https:\/\/all-pets.de\/shop\/wp-json\/wp\/v2\/product_cat?post=45522"},{"taxonomy":"product_tag","embeddable":true,"href":"https:\/\/all-pets.de\/shop\/wp-json\/wp\/v2\/product_tag?post=45522"}],"curies":[{"name":"wp","href":"https:\/\/api.w.org\/{rel}","templated":true}]}}