{"id":45556,"date":"2023-12-12T10:48:56","date_gmt":"2023-12-12T09:48:56","guid":{"rendered":"https:\/\/pet-shopping.de\/shop\/produkt\/trixie-fahrrad-und-joggingleine\/"},"modified":"2023-12-12T10:48:57","modified_gmt":"2023-12-12T09:48:57","slug":"trixie-fahrrad-und-joggingleine","status":"publish","type":"product","link":"https:\/\/all-pets.de\/shop\/produkt\/trixie-fahrrad-und-joggingleine\/","title":{"rendered":"Trixie Fahrrad- und Joggingleine"},"content":{"rendered":"<p>Die Fahrrad- und Joggingleine vom Hersteller Trixie erm\u00f6glicht ein sicheres F\u00fchren Ihres Hundes beim Fahrradfahren oder w\u00e4hrend des Joggens. Sie besteht aus einer elastischen Expanderleine, die ein ruckartiges Ziehen des Hundes mildert, und aus einer Verl\u00e4ngerunsleine, die einfach um den K\u00f6rper gelegt und dank der stufenlosen Verstellbarkeit optimal engpasst werden kann. So haben Sie w\u00e4hrend der Fahrt oder w\u00e4hrend des Joggens beide H\u00e4nde frei. <\/p>\n<p>Die Befestigung der Expander- und der Verl\u00e4ngerungsleine kann auf zwei Arten geschehen. Zum einen ist ein Bolzenhaken vorhanden, der bei Nutzung festen Halt des Hundes gew\u00e4hrleistet, zum anderen k\u00f6nnen die beiden Leinen auch nur mit Hilfe eines montierten Klettverschlusses befestigt werden, der sich bei starkem ruckartigen Zug des Hundes l\u00f6st und so ein St\u00fcrzen des Halters verhindert. Bei dieser Befestigungsvariante kann durch h\u00f6heres oder niedrigeres verschlie\u00dfen des Klettverschlusses die Festigkeit an den Hund angepasst werden, so dass sich bei kleineren Hunden der Verschluss schon bei geringerem, bei gr\u00f6\u00dferen Hunden erst bei st\u00e4rkerem Ziehen \u00f6ffnet.<\/p>\n<p>Zur Befestigung der Leine am Halsband oder Geschirr des Hundes wird ein extra gro\u00dfer Zangenhaken genutzt, der ein einfaches und schnelles L\u00f6sen des Hundes auch w\u00e4hrend der Fahrt bzw. w\u00e4hrend des Laufens erm\u00f6glicht.<\/p>\n<p>L\u00e4ngeder Leine: ca. 1,00 bis 2,00 m<br \/> Breite der Leine: 25 mm <br \/> Farbe: Schwarz<\/p>\n","protected":false},"excerpt":{"rendered":"<p>Die Fahrrad- und Joggingleine vom Hersteller Trixie erm\u00f6glicht ein sicheres F\u00fchren Ihres Hundes beim Fahrradfahren oder w\u00e4hrend des Joggens. Sie besteht aus einer elastischen Expanderleine, die ein ruckartiges Ziehen des Hundes mildert, und aus einer Verl\u00e4ngerunsleine, die einfach um den K\u00f6rper gelegt und dank der stufenlosen Verstellbarkeit optimal engpasst werden kann. So haben Sie w\u00e4hrend [&hellip;]<\/p>\n","protected":false},"featured_media":25583,"comment_status":"closed","ping_status":"open","template":"","meta":[],"product_cat":[14037],"product_tag":[],"class_list":{"0":"post-45556","1":"product","2":"type-product","3":"status-publish","4":"has-post-thumbnail","6":"product_cat-jogging-leinen","8":"first","9":"instock","10":"taxable","11":"shipping-taxable","12":"purchasable","13":"product-type-simple"},"_links":{"self":[{"href":"https:\/\/all-pets.de\/shop\/wp-json\/wp\/v2\/product\/45556","targetHints":{"allow":["GET"]}}],"collection":[{"href":"https:\/\/all-pets.de\/shop\/wp-json\/wp\/v2\/product"}],"about":[{"href":"https:\/\/all-pets.de\/shop\/wp-json\/wp\/v2\/types\/product"}],"replies":[{"embeddable":true,"href":"https:\/\/all-pets.de\/shop\/wp-json\/wp\/v2\/comments?post=45556"}],"wp:featuredmedia":[{"embeddable":true,"href":"https:\/\/all-pets.de\/shop\/wp-json\/wp\/v2\/media\/25583"}],"wp:attachment":[{"href":"https:\/\/all-pets.de\/shop\/wp-json\/wp\/v2\/media?parent=45556"}],"wp:term":[{"taxonomy":"product_cat","embeddable":true,"href":"https:\/\/all-pets.de\/shop\/wp-json\/wp\/v2\/product_cat?post=45556"},{"taxonomy":"product_tag","embeddable":true,"href":"https:\/\/all-pets.de\/shop\/wp-json\/wp\/v2\/product_tag?post=45556"}],"curies":[{"name":"wp","href":"https:\/\/api.w.org\/{rel}","templated":true}]}}