{"id":45570,"date":"2023-12-12T10:48:56","date_gmt":"2023-12-12T09:48:56","guid":{"rendered":"https:\/\/pet-shopping.de\/shop\/produkt\/trixie-flasher-fuer-katzen-kleine-hunde\/"},"modified":"2023-12-12T10:48:59","modified_gmt":"2023-12-12T09:48:59","slug":"trixie-flasher-fuer-katzen-kleine-hunde","status":"publish","type":"product","link":"https:\/\/all-pets.de\/shop\/produkt\/trixie-flasher-fuer-katzen-kleine-hunde\/","title":{"rendered":"Trixie Flasher f\u00fcr Katzen + kleine Hunde"},"content":{"rendered":"<p>Dieser Safety Light Flasher f\u00fcr kleine Hunde und Katzen blinkt beidseitig mit einer bis ca. 200 m weit sichtbaren blinkenden Leuchtdiode. Da der Anh\u00e4nger aus transparentem Kunststoff ist, ist das Blinken von allen Seiten gut sichtbar. Der Flasher beinhaltet 2 Batterien.<\/p>\n<p> Der Flasher hat einen Durchmesser von 2,5 cm.<\/p>\n<p> Farbe: Rot<\/p>\n<p> F\u00fcr gr\u00f6\u00dfere Hunde eignet sich der Trixie Flasher f\u00fcr Hunde (Art-Nr. 13442-TRXI).\u00a0\u00a0 <\/p>\n","protected":false},"excerpt":{"rendered":"<p>Dieser Safety Light Flasher f\u00fcr kleine Hunde und Katzen blinkt beidseitig mit einer bis ca. 200 m weit sichtbaren blinkenden Leuchtdiode. Da der Anh\u00e4nger aus transparentem Kunststoff ist, ist das Blinken von allen Seiten gut sichtbar. Der Flasher beinhaltet 2 Batterien. Der Flasher hat einen Durchmesser von 2,5 cm. Farbe: Rot F\u00fcr gr\u00f6\u00dfere Hunde eignet [&hellip;]<\/p>\n","protected":false},"featured_media":25624,"comment_status":"closed","ping_status":"open","template":"","meta":[],"product_cat":[14047],"product_tag":[],"class_list":{"0":"post-45570","1":"product","2":"type-product","3":"status-publish","4":"has-post-thumbnail","6":"product_cat-sicherheit-unterwegs-hundeadressanhaenger-blinkerhundewelt-halsbaender-leinen-katzenadressanhaenger-blinkerhundewelt-katzenhalsbaender-geschirre","8":"first","9":"instock","10":"taxable","11":"shipping-taxable","12":"purchasable","13":"product-type-simple"},"_links":{"self":[{"href":"https:\/\/all-pets.de\/shop\/wp-json\/wp\/v2\/product\/45570","targetHints":{"allow":["GET"]}}],"collection":[{"href":"https:\/\/all-pets.de\/shop\/wp-json\/wp\/v2\/product"}],"about":[{"href":"https:\/\/all-pets.de\/shop\/wp-json\/wp\/v2\/types\/product"}],"replies":[{"embeddable":true,"href":"https:\/\/all-pets.de\/shop\/wp-json\/wp\/v2\/comments?post=45570"}],"wp:featuredmedia":[{"embeddable":true,"href":"https:\/\/all-pets.de\/shop\/wp-json\/wp\/v2\/media\/25624"}],"wp:attachment":[{"href":"https:\/\/all-pets.de\/shop\/wp-json\/wp\/v2\/media?parent=45570"}],"wp:term":[{"taxonomy":"product_cat","embeddable":true,"href":"https:\/\/all-pets.de\/shop\/wp-json\/wp\/v2\/product_cat?post=45570"},{"taxonomy":"product_tag","embeddable":true,"href":"https:\/\/all-pets.de\/shop\/wp-json\/wp\/v2\/product_tag?post=45570"}],"curies":[{"name":"wp","href":"https:\/\/api.w.org\/{rel}","templated":true}]}}