{"id":45580,"date":"2023-12-12T10:49:01","date_gmt":"2023-12-12T09:49:01","guid":{"rendered":"https:\/\/pet-shopping.de\/shop\/produkt\/hugro-mehlwuermer-200g\/"},"modified":"2023-12-12T10:49:01","modified_gmt":"2023-12-12T09:49:01","slug":"hugro-mehlwuermer-200g","status":"publish","type":"product","link":"https:\/\/all-pets.de\/shop\/produkt\/hugro-mehlwuermer-200g\/","title":{"rendered":"Hugro Mehlw\u00fcrmer 200g"},"content":{"rendered":"<p>Einzelfuttermittel f\u00fcr Nager<br \/> <strong>Zusammensetzung:<\/strong> 100% Mehlw\u00fcrmer, getrocknet<br \/> Die Nagertraum Mehlw\u00fcrmer sind ein eiwei\u00dfhaltiges Einzelfuttermittel f\u00fcr Nager.<br \/> Getrocknete Mehlw\u00fcrmer sind eine wichtige Proteinquelle f\u00fcr viele Tiere und sehr beliebt.<br \/> <strong>F\u00fctterungsempfehlung:<\/strong> Als Snack oder ins Futter gemischt.<br \/> K\u00fchl und trocken lagern. Vor Sonnenlicht sch\u00fctzen.<\/p>\n","protected":false},"excerpt":{"rendered":"<p>Einzelfuttermittel f\u00fcr Nager Zusammensetzung: 100% Mehlw\u00fcrmer, getrocknet Die Nagertraum Mehlw\u00fcrmer sind ein eiwei\u00dfhaltiges Einzelfuttermittel f\u00fcr Nager. Getrocknete Mehlw\u00fcrmer sind eine wichtige Proteinquelle f\u00fcr viele Tiere und sehr beliebt. F\u00fctterungsempfehlung: Als Snack oder ins Futter gemischt. K\u00fchl und trocken lagern. Vor Sonnenlicht sch\u00fctzen.<\/p>\n","protected":false},"featured_media":18774,"comment_status":"closed","ping_status":"open","template":"","meta":[],"product_cat":[14052],"product_tag":[],"class_list":{"0":"post-45580","1":"product","2":"type-product","3":"status-publish","4":"has-post-thumbnail","6":"product_cat-chinchilla","8":"first","9":"instock","10":"taxable","11":"shipping-taxable","12":"purchasable","13":"product-type-simple"},"_links":{"self":[{"href":"https:\/\/all-pets.de\/shop\/wp-json\/wp\/v2\/product\/45580","targetHints":{"allow":["GET"]}}],"collection":[{"href":"https:\/\/all-pets.de\/shop\/wp-json\/wp\/v2\/product"}],"about":[{"href":"https:\/\/all-pets.de\/shop\/wp-json\/wp\/v2\/types\/product"}],"replies":[{"embeddable":true,"href":"https:\/\/all-pets.de\/shop\/wp-json\/wp\/v2\/comments?post=45580"}],"wp:featuredmedia":[{"embeddable":true,"href":"https:\/\/all-pets.de\/shop\/wp-json\/wp\/v2\/media\/18774"}],"wp:attachment":[{"href":"https:\/\/all-pets.de\/shop\/wp-json\/wp\/v2\/media?parent=45580"}],"wp:term":[{"taxonomy":"product_cat","embeddable":true,"href":"https:\/\/all-pets.de\/shop\/wp-json\/wp\/v2\/product_cat?post=45580"},{"taxonomy":"product_tag","embeddable":true,"href":"https:\/\/all-pets.de\/shop\/wp-json\/wp\/v2\/product_tag?post=45580"}],"curies":[{"name":"wp","href":"https:\/\/api.w.org\/{rel}","templated":true}]}}