{"id":45582,"date":"2023-12-12T10:49:01","date_gmt":"2023-12-12T09:49:01","guid":{"rendered":"https:\/\/pet-shopping.de\/shop\/produkt\/trixie-junior-schnueffelteppich-38-cm\/"},"modified":"2023-12-12T10:49:02","modified_gmt":"2023-12-12T09:49:02","slug":"trixie-junior-schnueffelteppich-38-cm","status":"publish","type":"product","link":"https:\/\/all-pets.de\/shop\/produkt\/trixie-junior-schnueffelteppich-38-cm\/","title":{"rendered":"Trixie Junior Schn\u00fcffelteppich &#8211; 38 cm"},"content":{"rendered":"<ul>\n<li>Schn\u00fcffelspa\u00df f\u00fcr Welpen und Kitten<\/li>\n<li>kann auch f\u00fcr die t\u00e4gliche Futtergabe genutzt werden<\/li>\n<li>verhindert das Schlingen bei der Futteraufnahme<\/li>\n<li>herausnehmbare Kunststoffplatte verhindert Verkn\u00fcllen und erm\u00f6glicht eine leichte Reinigung<\/li>\n<li>Polyester<\/li>\n<li>inkl. Trainingsanleitung<\/li>\n<li>tierschutzkonform nach \u00a7 18 (AT)<\/li>\n<li>Intelligenzspielzeug Level 1<\/li>\n<li>waschbar bei 30\u00b0C<\/li>\n<li>Durchmesser: ca. 38 cm <\/li>\n<\/ul>\n","protected":false},"excerpt":{"rendered":"<p>Schn\u00fcffelspa\u00df f\u00fcr Welpen und Kitten kann auch f\u00fcr die t\u00e4gliche Futtergabe genutzt werden verhindert das Schlingen bei der Futteraufnahme herausnehmbare Kunststoffplatte verhindert Verkn\u00fcllen und erm\u00f6glicht eine leichte Reinigung Polyester inkl. Trainingsanleitung tierschutzkonform nach \u00a7 18 (AT) Intelligenzspielzeug Level 1 waschbar bei 30\u00b0C Durchmesser: ca. 38 cm<\/p>\n","protected":false},"featured_media":23672,"comment_status":"closed","ping_status":"open","template":"","meta":[],"product_cat":[13824],"product_tag":[],"class_list":{"0":"post-45582","1":"product","2":"type-product","3":"status-publish","4":"has-post-thumbnail","6":"product_cat-puppy-spielzeug","8":"first","9":"instock","10":"taxable","11":"shipping-taxable","12":"purchasable","13":"product-type-simple"},"_links":{"self":[{"href":"https:\/\/all-pets.de\/shop\/wp-json\/wp\/v2\/product\/45582","targetHints":{"allow":["GET"]}}],"collection":[{"href":"https:\/\/all-pets.de\/shop\/wp-json\/wp\/v2\/product"}],"about":[{"href":"https:\/\/all-pets.de\/shop\/wp-json\/wp\/v2\/types\/product"}],"replies":[{"embeddable":true,"href":"https:\/\/all-pets.de\/shop\/wp-json\/wp\/v2\/comments?post=45582"}],"wp:featuredmedia":[{"embeddable":true,"href":"https:\/\/all-pets.de\/shop\/wp-json\/wp\/v2\/media\/23672"}],"wp:attachment":[{"href":"https:\/\/all-pets.de\/shop\/wp-json\/wp\/v2\/media?parent=45582"}],"wp:term":[{"taxonomy":"product_cat","embeddable":true,"href":"https:\/\/all-pets.de\/shop\/wp-json\/wp\/v2\/product_cat?post=45582"},{"taxonomy":"product_tag","embeddable":true,"href":"https:\/\/all-pets.de\/shop\/wp-json\/wp\/v2\/product_tag?post=45582"}],"curies":[{"name":"wp","href":"https:\/\/api.w.org\/{rel}","templated":true}]}}