{"id":45586,"date":"2023-12-12T10:49:01","date_gmt":"2023-12-12T09:49:01","guid":{"rendered":"https:\/\/pet-shopping.de\/shop\/produkt\/classic-dog-super-top-mix-200g\/"},"modified":"2023-12-12T10:49:02","modified_gmt":"2023-12-12T09:49:02","slug":"classic-dog-super-top-mix-200g","status":"publish","type":"product","link":"https:\/\/all-pets.de\/shop\/produkt\/classic-dog-super-top-mix-200g\/","title":{"rendered":"Classic Dog Super Top Mix 200g"},"content":{"rendered":"<p>Eine Mischung aus beliebten Fleischteilen aus Rind, Schwein, Lamm &#038; Gefl\u00fcgel.Dieser Snack entspricht dem urspr\u00fcnglichen Beutefleisch Ihres Hundes.<br \/> Das in einem speziellen Verfahren schonend getrocknete Schweinefleisch ist bei Hunden sehr beliebt. Die leckeren Fleischsnacks regen zum Kauen an und unterst\u00fctzen gleichzeitig die Gesundheit von Z\u00e4hnen und Zahnfleisch. Ihr Hund erh\u00e4lt hochwertiges, pures Fleisch ohne Gew\u00fcrze.<\/p>\n<p>Trockenfleisch bietet eine ideale Alternative zu frischen Fleischteilen vom Metzger. Es ist ebenso nahrhaft bei besseren Lagereigenschaften und besitzt einen angenehmeren Geruch.<\/p>\n<p>Bitte lagern Sie dieses Produkt immer k\u00fchl und trocken. <\/p>\n<p><strong>Inhaltsstoffe:<\/strong> <\/p>\n<p>Protein: 57,27% Fett: 14,08% Feuchtigkeit: 06,89%<\/p>\n<p><strong>F\u00fctterungsempfehlung:<\/strong> <\/p>\n<p>Als Belohnungssnack erg\u00e4nzend zur gewohnten Hauptnahrung. Bitte immer ausreichend Wasser zur Verf\u00fcgung stellen.<\/p>\n","protected":false},"excerpt":{"rendered":"<p>Eine Mischung aus beliebten Fleischteilen aus Rind, Schwein, Lamm &#038; Gefl\u00fcgel.Dieser Snack entspricht dem urspr\u00fcnglichen Beutefleisch Ihres Hundes. Das in einem speziellen Verfahren schonend getrocknete Schweinefleisch ist bei Hunden sehr beliebt. Die leckeren Fleischsnacks regen zum Kauen an und unterst\u00fctzen gleichzeitig die Gesundheit von Z\u00e4hnen und Zahnfleisch. Ihr Hund erh\u00e4lt hochwertiges, pures Fleisch ohne Gew\u00fcrze. [&hellip;]<\/p>\n","protected":false},"featured_media":16873,"comment_status":"closed","ping_status":"open","template":"","meta":[],"product_cat":[13902],"product_tag":[],"class_list":{"0":"post-45586","1":"product","2":"type-product","3":"status-publish","4":"has-post-thumbnail","6":"product_cat-classic-trockenware","8":"first","9":"instock","10":"taxable","11":"shipping-taxable","12":"purchasable","13":"product-type-simple"},"_links":{"self":[{"href":"https:\/\/all-pets.de\/shop\/wp-json\/wp\/v2\/product\/45586","targetHints":{"allow":["GET"]}}],"collection":[{"href":"https:\/\/all-pets.de\/shop\/wp-json\/wp\/v2\/product"}],"about":[{"href":"https:\/\/all-pets.de\/shop\/wp-json\/wp\/v2\/types\/product"}],"replies":[{"embeddable":true,"href":"https:\/\/all-pets.de\/shop\/wp-json\/wp\/v2\/comments?post=45586"}],"wp:featuredmedia":[{"embeddable":true,"href":"https:\/\/all-pets.de\/shop\/wp-json\/wp\/v2\/media\/16873"}],"wp:attachment":[{"href":"https:\/\/all-pets.de\/shop\/wp-json\/wp\/v2\/media?parent=45586"}],"wp:term":[{"taxonomy":"product_cat","embeddable":true,"href":"https:\/\/all-pets.de\/shop\/wp-json\/wp\/v2\/product_cat?post=45586"},{"taxonomy":"product_tag","embeddable":true,"href":"https:\/\/all-pets.de\/shop\/wp-json\/wp\/v2\/product_tag?post=45586"}],"curies":[{"name":"wp","href":"https:\/\/api.w.org\/{rel}","templated":true}]}}