{"id":45597,"date":"2023-12-12T10:49:01","date_gmt":"2023-12-12T09:49:01","guid":{"rendered":"https:\/\/pet-shopping.de\/shop\/produkt\/tuff-birthday-balls-6-cm-3er-pack\/"},"modified":"2023-12-12T10:49:03","modified_gmt":"2023-12-12T09:49:03","slug":"tuff-birthday-balls-6-cm-3er-pack","status":"publish","type":"product","link":"https:\/\/all-pets.de\/shop\/produkt\/tuff-birthday-balls-6-cm-3er-pack\/","title":{"rendered":"Tuff Birthday Balls 6 cm &#8211; 3er Pack"},"content":{"rendered":"<p><span><span>Die PetSport Tuff Balls sind perfekt f\u00fcr jeden Hund, der apportieren liebt! PetSport Tuff Balls sind hergestellt aus extra dickem, nat\u00fcrlichem Gummi, das macht sie robust und best\u00e4ndig.\u00a0Hergestellt aus unsch\u00e4dlichen und sicheren Materialien. Die Au\u00dfenschicht scheuert nicht, dadurch ist der Ball sicher f\u00fcr Z\u00e4hne. Au\u00dferdem ist der Ball farbecht.<\/span><\/p>\n<p><span>\u2022 Set mit 3 PetSport Happy Birthday Tuff B\u00e4llen<br \/> <\/span><span>\u2022 Hergestellt aus extra dickem, nat\u00fcrlichem Gummi<br \/> <\/span><span>\u2022\u00a0Die Au\u00dfenschicht scheuert nicht, dadurch ist der Ball sicher f\u00fcr Z\u00e4hne<br \/> <\/span><span>\u2022 Farbecht<\/span><\/span><\/p>\n<p><span><span>Durchmesser: ca. 6 cm <\/span><span><br \/> <\/span><\/span><\/p>\n","protected":false},"excerpt":{"rendered":"<p>Die PetSport Tuff Balls sind perfekt f\u00fcr jeden Hund, der apportieren liebt! PetSport Tuff Balls sind hergestellt aus extra dickem, nat\u00fcrlichem Gummi, das macht sie robust und best\u00e4ndig.\u00a0Hergestellt aus unsch\u00e4dlichen und sicheren Materialien. Die Au\u00dfenschicht scheuert nicht, dadurch ist der Ball sicher f\u00fcr Z\u00e4hne. Au\u00dferdem ist der Ball farbecht. \u2022 Set mit 3 PetSport Happy [&hellip;]<\/p>\n","protected":false},"featured_media":25123,"comment_status":"closed","ping_status":"open","template":"","meta":[],"product_cat":[13769],"product_tag":[],"class_list":{"0":"post-45597","1":"product","2":"type-product","3":"status-publish","4":"has-post-thumbnail","6":"product_cat-hundebaelle","8":"first","9":"instock","10":"taxable","11":"shipping-taxable","12":"purchasable","13":"product-type-simple"},"_links":{"self":[{"href":"https:\/\/all-pets.de\/shop\/wp-json\/wp\/v2\/product\/45597","targetHints":{"allow":["GET"]}}],"collection":[{"href":"https:\/\/all-pets.de\/shop\/wp-json\/wp\/v2\/product"}],"about":[{"href":"https:\/\/all-pets.de\/shop\/wp-json\/wp\/v2\/types\/product"}],"replies":[{"embeddable":true,"href":"https:\/\/all-pets.de\/shop\/wp-json\/wp\/v2\/comments?post=45597"}],"wp:featuredmedia":[{"embeddable":true,"href":"https:\/\/all-pets.de\/shop\/wp-json\/wp\/v2\/media\/25123"}],"wp:attachment":[{"href":"https:\/\/all-pets.de\/shop\/wp-json\/wp\/v2\/media?parent=45597"}],"wp:term":[{"taxonomy":"product_cat","embeddable":true,"href":"https:\/\/all-pets.de\/shop\/wp-json\/wp\/v2\/product_cat?post=45597"},{"taxonomy":"product_tag","embeddable":true,"href":"https:\/\/all-pets.de\/shop\/wp-json\/wp\/v2\/product_tag?post=45597"}],"curies":[{"name":"wp","href":"https:\/\/api.w.org\/{rel}","templated":true}]}}