{"id":45615,"date":"2023-12-12T10:49:05","date_gmt":"2023-12-12T09:49:05","guid":{"rendered":"https:\/\/pet-shopping.de\/shop\/produkt\/gimcat-kitten-tabs-40g\/"},"modified":"2023-12-12T10:49:08","modified_gmt":"2023-12-12T09:49:08","slug":"gimcat-kitten-tabs-40g","status":"publish","type":"product","link":"https:\/\/all-pets.de\/shop\/produkt\/gimcat-kitten-tabs-40g\/","title":{"rendered":"GimCat Kitten Tabs &#8211; 40g"},"content":{"rendered":"<div class=\"entry-body\">\n<p>GimCat Kitten Tabs sind durch die Kombination von lebenswichtigen Vitaminen und nat\u00fcrlichem Calcium ein optimales Produkt f\u00fcr Ihre Baby-Katze. Taurin ist wichtig f\u00fcr Sehkraft und Herzfunktionund L-Carnitin unterst\u00fctzt die Energieversorgung.<\/p>\n<\/div>\n<ul>\n<li>Mit Calcium<\/li>\n<li>mit L-Carnitin<\/li>\n<li>F\u00f6rdert die Vitalit\u00e4t<\/li>\n<li>Mit Taurin<\/li>\n<li>Mit Vitaminen<\/li>\n<\/ul>\n<div>Zusammensetzung:<\/p>\n<div class=\"accordion-content ui-accordion-content ui-helper-reset ui-widget-content ui-corner-bottom ui-accordion-content-active\" role=\"tabpanel\" style=\"display: block\" id=\"ui-id-4\" aria-labelledby=\"ui-id-3\" aria-hidden=\"false\">\n<p>Milch und Molkereierzeugnisse, \u00d6le und Fette, Zucker, Hefen,Fleisch und tierische Nebenerzeugnisse, pflanzliche Nebenerzeugnisse,Fr\u00fcchte (in BabyTabs rosa enthalten), Graspulver (in BabyTabs gr\u00fcnenthalten).<\/p>\n<\/div>\n<p class=\"accordion-content ui-accordion-content ui-helper-reset ui-widget-content ui-corner-bottom ui-accordion-content-active\" role=\"tabpanel\" style=\"display: block\" aria-labelledby=\"ui-id-3\" aria-hidden=\"false\">Analyse:<\/p>\n<table>\n<tbody>\n<tr>\n<th>Proteine<\/th>\n<td>25,0 %<\/td>\n<\/tr>\n<tr>\n<th>Fettgehalt<\/th>\n<td>24,0 %<\/td>\n<\/tr>\n<tr>\n<th>Rohasche<\/th>\n<td>6,0 %<\/td>\n<\/tr>\n<tr>\n<th>Rohfaser<\/th>\n<td>1,0 %<\/td>\n<\/tr>\n<tr>\n<th>Feuchtigkeit<\/th>\n<td>4,5 %<\/td>\n<\/tr>\n<\/tbody>\n<\/table>\n<p class=\"accordion-content ui-accordion-content ui-helper-reset ui-widget-content ui-corner-bottom ui-accordion-content-active\" role=\"tabpanel\" style=\"display: block\" aria-labelledby=\"ui-id-3\" aria-hidden=\"false\">Zusatzstoffe je kg:<\/p>\n<div class=\"accordion-content ui-accordion-content ui-helper-reset ui-widget-content ui-corner-bottom ui-accordion-content-active\" role=\"tabpanel\" style=\"display: block\" id=\"ui-id-8\" aria-labelledby=\"ui-id-7\" aria-hidden=\"false\">\n<p>Vitamin D3 1.147 IE Vitamin E 260 mg Vitamin B1 (Thiamin) 27 mgVitamin B2 (Riboflavin) 20 mg Vitamin B6 (Pyridoxin) 13 mg Vitamin B12(Cobalamin) 93 mcg Niacin 937 mg Fols\u00e4ure 18 mg Taurin 4.000 mgL-Carnitin 4.000 mg<\/p>\n<\/div>\n<p class=\"accordion-content ui-accordion-content ui-helper-reset ui-widget-content ui-corner-bottom ui-accordion-content-active\" role=\"tabpanel\" style=\"display: block\" aria-labelledby=\"ui-id-3\" aria-hidden=\"false\">\n<p class=\"accordion-content ui-accordion-content ui-helper-reset ui-widget-content ui-corner-bottom ui-accordion-content-active\" role=\"tabpanel\" style=\"display: block\" aria-labelledby=\"ui-id-3\" aria-hidden=\"false\">F\u00fctterungsempfehlung:<\/p>\n<div class=\"accordion-content ui-accordion-content ui-helper-reset ui-widget-content ui-corner-bottom ui-accordion-content-active\" role=\"tabpanel\" style=\"display: block\" id=\"ui-id-2\" aria-labelledby=\"ui-id-1\" aria-hidden=\"false\">\n<p>T\u00e4glich etwa 8 Kitten Tabs pur oder zerbr\u00f6selt in den Futterbreigeben. Zur Gew\u00f6hnung kann der Brei auf die Lippen des Katzen-Babysgestippt werden. F\u00fcr die ausgewachsene Katze empfehlen wir unseregesunden Katzentabs.<\/p>\n<\/div>\n<\/div>\n","protected":false},"excerpt":{"rendered":"<p>GimCat Kitten Tabs sind durch die Kombination von lebenswichtigen Vitaminen und nat\u00fcrlichem Calcium ein optimales Produkt f\u00fcr Ihre Baby-Katze. Taurin ist wichtig f\u00fcr Sehkraft und Herzfunktionund L-Carnitin unterst\u00fctzt die Energieversorgung. Mit Calcium mit L-Carnitin F\u00f6rdert die Vitalit\u00e4t Mit Taurin Mit Vitaminen Zusammensetzung: Milch und Molkereierzeugnisse, \u00d6le und Fette, Zucker, Hefen,Fleisch und tierische Nebenerzeugnisse, pflanzliche Nebenerzeugnisse,Fr\u00fcchte [&hellip;]<\/p>\n","protected":false},"featured_media":6025,"comment_status":"closed","ping_status":"open","template":"","meta":[],"product_cat":[13785],"product_tag":[],"class_list":{"0":"post-45615","1":"product","2":"type-product","3":"status-publish","4":"has-post-thumbnail","6":"product_cat-gimcat","8":"first","9":"instock","10":"taxable","11":"shipping-taxable","12":"purchasable","13":"product-type-simple"},"_links":{"self":[{"href":"https:\/\/all-pets.de\/shop\/wp-json\/wp\/v2\/product\/45615","targetHints":{"allow":["GET"]}}],"collection":[{"href":"https:\/\/all-pets.de\/shop\/wp-json\/wp\/v2\/product"}],"about":[{"href":"https:\/\/all-pets.de\/shop\/wp-json\/wp\/v2\/types\/product"}],"replies":[{"embeddable":true,"href":"https:\/\/all-pets.de\/shop\/wp-json\/wp\/v2\/comments?post=45615"}],"wp:featuredmedia":[{"embeddable":true,"href":"https:\/\/all-pets.de\/shop\/wp-json\/wp\/v2\/media\/6025"}],"wp:attachment":[{"href":"https:\/\/all-pets.de\/shop\/wp-json\/wp\/v2\/media?parent=45615"}],"wp:term":[{"taxonomy":"product_cat","embeddable":true,"href":"https:\/\/all-pets.de\/shop\/wp-json\/wp\/v2\/product_cat?post=45615"},{"taxonomy":"product_tag","embeddable":true,"href":"https:\/\/all-pets.de\/shop\/wp-json\/wp\/v2\/product_tag?post=45615"}],"curies":[{"name":"wp","href":"https:\/\/api.w.org\/{rel}","templated":true}]}}