{"id":45621,"date":"2023-12-12T10:49:05","date_gmt":"2023-12-12T09:49:05","guid":{"rendered":"https:\/\/pet-shopping.de\/shop\/produkt\/jr-farm-kuemmel-staebchen-10g\/"},"modified":"2023-12-12T10:49:08","modified_gmt":"2023-12-12T09:49:08","slug":"jr-farm-kuemmel-staebchen-10g","status":"publish","type":"product","link":"https:\/\/all-pets.de\/shop\/produkt\/jr-farm-kuemmel-staebchen-10g\/","title":{"rendered":"JR Farm K\u00fcmmel-St\u00e4bchen &#8211; 10g"},"content":{"rendered":"<div class=\"product--detail-upper block-group\">\n<li class=\"base-info--entry entry-attribute\"> <span class=\"entry--content\">\n<p>Aromatischer gesunder Knabberspa\u00df in der urspr\u00fcnglichsten Form. K\u00fcmmel unterst\u00fctztdie Verdauung und regt die Darmt\u00e4tigkeit an. Auch f\u00fcr alle Zierv\u00f6geleine abwechslungsreiche Knabberei.<\/p>\n<p>Die K\u00fcmmel-St\u00e4bchenunterst\u00fctzen den physiologischen Zahnabrieb bei Nagern undZwergkaninchen. Gleichzeitig sorgen die Inhaltsstoffe des K\u00fcmmels f\u00fcreine sanfte Linderung von Bl\u00e4hungen und Magen-Darm-Koliken.<\/p>\n<p> <\/span> <\/li>\n<\/div>\n<p>Einzelfuttermittel f\u00fcr alle Nager, Zwergkaninchen und Zierv\u00f6gel<\/p>\n<div class=\"content--product-code\">\n<div class=\"detail--product-code\">\n<div class=\"content--title\"> Analytische Bestandteile <\/div>\n<p>Protein 5,2%, Fettgehalt 1,4%, Rohfaser 41,8%, Rohasche 10,4%, Calcium 8.400 mg\/kg, Phosphor 2.400 mg\/kg, Natrium 100 mg\/kg<\/p>\n<\/p><\/div>\n<\/p><\/div>\n<div class=\"content--product-code\">\n<div class=\"detail--product-code\">\n<div class=\"content--title\"> F\u00fctterungsempfehlung <\/div>\n<p>Je nach Gr\u00f6\u00dfe des Tieres t\u00e4glich bis zu 2 St\u00e4bchen reichen.<\/p>\n<\/p><\/div>\n<\/p><\/div>\n","protected":false},"excerpt":{"rendered":"<p>Aromatischer gesunder Knabberspa\u00df in der urspr\u00fcnglichsten Form. K\u00fcmmel unterst\u00fctztdie Verdauung und regt die Darmt\u00e4tigkeit an. Auch f\u00fcr alle Zierv\u00f6geleine abwechslungsreiche Knabberei. Die K\u00fcmmel-St\u00e4bchenunterst\u00fctzen den physiologischen Zahnabrieb bei Nagern undZwergkaninchen. Gleichzeitig sorgen die Inhaltsstoffe des K\u00fcmmels f\u00fcreine sanfte Linderung von Bl\u00e4hungen und Magen-Darm-Koliken. Einzelfuttermittel f\u00fcr alle Nager, Zwergkaninchen und Zierv\u00f6gel Analytische Bestandteile Protein 5,2%, Fettgehalt 1,4%, [&hellip;]<\/p>\n","protected":false},"featured_media":24905,"comment_status":"closed","ping_status":"open","template":"","meta":[],"product_cat":[14066],"product_tag":[],"class_list":{"0":"post-45621","1":"product","2":"type-product","3":"status-publish","4":"has-post-thumbnail","6":"product_cat-meerschweinchen-kleintierfutter-snacks-2","8":"first","9":"instock","10":"taxable","11":"shipping-taxable","12":"purchasable","13":"product-type-simple"},"_links":{"self":[{"href":"https:\/\/all-pets.de\/shop\/wp-json\/wp\/v2\/product\/45621","targetHints":{"allow":["GET"]}}],"collection":[{"href":"https:\/\/all-pets.de\/shop\/wp-json\/wp\/v2\/product"}],"about":[{"href":"https:\/\/all-pets.de\/shop\/wp-json\/wp\/v2\/types\/product"}],"replies":[{"embeddable":true,"href":"https:\/\/all-pets.de\/shop\/wp-json\/wp\/v2\/comments?post=45621"}],"wp:featuredmedia":[{"embeddable":true,"href":"https:\/\/all-pets.de\/shop\/wp-json\/wp\/v2\/media\/24905"}],"wp:attachment":[{"href":"https:\/\/all-pets.de\/shop\/wp-json\/wp\/v2\/media?parent=45621"}],"wp:term":[{"taxonomy":"product_cat","embeddable":true,"href":"https:\/\/all-pets.de\/shop\/wp-json\/wp\/v2\/product_cat?post=45621"},{"taxonomy":"product_tag","embeddable":true,"href":"https:\/\/all-pets.de\/shop\/wp-json\/wp\/v2\/product_tag?post=45621"}],"curies":[{"name":"wp","href":"https:\/\/api.w.org\/{rel}","templated":true}]}}