{"id":45627,"date":"2023-12-12T10:49:10","date_gmt":"2023-12-12T09:49:10","guid":{"rendered":"https:\/\/pet-shopping.de\/shop\/produkt\/classic-dog-snack-rinderkopfhaut-1kg\/"},"modified":"2023-12-12T10:49:11","modified_gmt":"2023-12-12T09:49:11","slug":"classic-dog-snack-rinderkopfhaut-1kg","status":"publish","type":"product","link":"https:\/\/all-pets.de\/shop\/produkt\/classic-dog-snack-rinderkopfhaut-1kg\/","title":{"rendered":"Classic Dog Snack Rinderkopfhaut 1kg"},"content":{"rendered":"<p>Rinderkopfhaut ist ein Belohnungssnack aus nat\u00fcrlichem Trockenfleisch.<\/p>\n<p>Rinderkopfhaut ist ein herzhafter und magerer Leckerbissen f\u00fcr jeden Hund.<br \/>Sie ist nahrhaft, leicht verdaulich und somit ein idealer Snack f\u00fcr zwischendurch.<br \/>Auch f\u00fcr kleine Rassen geeignet.<br \/>Dieser Snack entspricht, wie Muskelfleisch und Innereien dem urspr\u00fcnglichen Beutefleisch Ihres Hundes.<br \/>Beim Zerkauen werden gleichzeitig die Z\u00e4hne von Bel\u00e4gen befreit, das Zahnfleisch massiert und die Kaumuskeln gekr\u00e4ftigt.<\/p>\n<p>Die Rinderkopfhaut &#8211; Teile werden in einem speziellen Verfahren schonend getrocknet.<br \/>Trockenfleisch bietet eine ideale Alternative zu frischen Fleischteilen vom Metzger.<br \/>Es ist ebenso nahrhaft bei besserer Lagerf\u00e4higkeit und besitzt einen angenehmeren Geruch.<\/p>\n<p>Rinderkopfhaut ist aus 100% nat\u00fcrlichem Fleisch ohne k\u00fcnstliche Farbstoffe und ohne Konservierungsstoffe.<\/p>\n<p>Bitte lagern Sie dieses Produkt immer k\u00fchl und trocken.<\/p>\n<p><strong>Inhaltsstoffe:<\/strong><\/p>\n<p>Protein: 80,18% Fett: 07,96% Feuchtigkeit: 07,28%<\/p>\n<p><strong>F\u00fctterungsempfehlung:<\/strong><\/p>\n<p>Als Belohnungssnack erg\u00e4nzend zur gewohnten Hauptnahrung. Bitte immer ausreichend Wasser zur Verf\u00fcgung stellen.<\/p>\n","protected":false},"excerpt":{"rendered":"<p>Rinderkopfhaut ist ein Belohnungssnack aus nat\u00fcrlichem Trockenfleisch. Rinderkopfhaut ist ein herzhafter und magerer Leckerbissen f\u00fcr jeden Hund.Sie ist nahrhaft, leicht verdaulich und somit ein idealer Snack f\u00fcr zwischendurch.Auch f\u00fcr kleine Rassen geeignet.Dieser Snack entspricht, wie Muskelfleisch und Innereien dem urspr\u00fcnglichen Beutefleisch Ihres Hundes.Beim Zerkauen werden gleichzeitig die Z\u00e4hne von Bel\u00e4gen befreit, das Zahnfleisch massiert und [&hellip;]<\/p>\n","protected":false},"featured_media":25419,"comment_status":"closed","ping_status":"open","template":"","meta":[],"product_cat":[13902],"product_tag":[],"class_list":{"0":"post-45627","1":"product","2":"type-product","3":"status-publish","4":"has-post-thumbnail","6":"product_cat-classic-trockenware","8":"first","9":"instock","10":"taxable","11":"shipping-taxable","12":"purchasable","13":"product-type-simple"},"_links":{"self":[{"href":"https:\/\/all-pets.de\/shop\/wp-json\/wp\/v2\/product\/45627","targetHints":{"allow":["GET"]}}],"collection":[{"href":"https:\/\/all-pets.de\/shop\/wp-json\/wp\/v2\/product"}],"about":[{"href":"https:\/\/all-pets.de\/shop\/wp-json\/wp\/v2\/types\/product"}],"replies":[{"embeddable":true,"href":"https:\/\/all-pets.de\/shop\/wp-json\/wp\/v2\/comments?post=45627"}],"wp:featuredmedia":[{"embeddable":true,"href":"https:\/\/all-pets.de\/shop\/wp-json\/wp\/v2\/media\/25419"}],"wp:attachment":[{"href":"https:\/\/all-pets.de\/shop\/wp-json\/wp\/v2\/media?parent=45627"}],"wp:term":[{"taxonomy":"product_cat","embeddable":true,"href":"https:\/\/all-pets.de\/shop\/wp-json\/wp\/v2\/product_cat?post=45627"},{"taxonomy":"product_tag","embeddable":true,"href":"https:\/\/all-pets.de\/shop\/wp-json\/wp\/v2\/product_tag?post=45627"}],"curies":[{"name":"wp","href":"https:\/\/api.w.org\/{rel}","templated":true}]}}