{"id":45650,"date":"2023-12-12T10:49:14","date_gmt":"2023-12-12T09:49:14","guid":{"rendered":"https:\/\/pet-shopping.de\/shop\/produkt\/trixie-hygiene-unterlage-nappy-mit-lavendelduft-7-stueck\/"},"modified":"2023-12-12T10:49:15","modified_gmt":"2023-12-12T09:49:15","slug":"trixie-hygiene-unterlage-nappy-mit-lavendelduft-7-stueck","status":"publish","type":"product","link":"https:\/\/all-pets.de\/shop\/produkt\/trixie-hygiene-unterlage-nappy-mit-lavendelduft-7-stueck\/","title":{"rendered":"Trixie Hygiene-Unterlage Nappy mit Lavendelduft &#8211; 7 St\u00fcck"},"content":{"rendered":"<ul>\n<li>Stubenrein-Training<\/li>\n<li>auch als K\u00f6rbcheneinlage oder Schlafunterlage bei Inkontinenz geeignet<\/li>\n<li>versiegelter Rand sch\u00fctzt vor Auslaufen der Fl\u00fcssigkeit<\/li>\n<li>aus langfaserigem, nat\u00fcrlichem Zellstoff<\/li>\n<li>Ma\u00dfe: ca. 40 x 60 cm<\/li>\n<li>Inhalt: 7 St\u00fcck<\/li>\n<\/ul>\n","protected":false},"excerpt":{"rendered":"<p>Stubenrein-Training auch als K\u00f6rbcheneinlage oder Schlafunterlage bei Inkontinenz geeignet versiegelter Rand sch\u00fctzt vor Auslaufen der Fl\u00fcssigkeit aus langfaserigem, nat\u00fcrlichem Zellstoff Ma\u00dfe: ca. 40 x 60 cm Inhalt: 7 St\u00fcck<\/p>\n","protected":false},"featured_media":20280,"comment_status":"closed","ping_status":"open","template":"","meta":[],"product_cat":[13761],"product_tag":[],"class_list":{"0":"post-45650","1":"product","2":"type-product","3":"status-publish","4":"has-post-thumbnail","6":"product_cat-welpen-erziehung","8":"first","9":"instock","10":"taxable","11":"shipping-taxable","12":"purchasable","13":"product-type-simple"},"_links":{"self":[{"href":"https:\/\/all-pets.de\/shop\/wp-json\/wp\/v2\/product\/45650","targetHints":{"allow":["GET"]}}],"collection":[{"href":"https:\/\/all-pets.de\/shop\/wp-json\/wp\/v2\/product"}],"about":[{"href":"https:\/\/all-pets.de\/shop\/wp-json\/wp\/v2\/types\/product"}],"replies":[{"embeddable":true,"href":"https:\/\/all-pets.de\/shop\/wp-json\/wp\/v2\/comments?post=45650"}],"wp:featuredmedia":[{"embeddable":true,"href":"https:\/\/all-pets.de\/shop\/wp-json\/wp\/v2\/media\/20280"}],"wp:attachment":[{"href":"https:\/\/all-pets.de\/shop\/wp-json\/wp\/v2\/media?parent=45650"}],"wp:term":[{"taxonomy":"product_cat","embeddable":true,"href":"https:\/\/all-pets.de\/shop\/wp-json\/wp\/v2\/product_cat?post=45650"},{"taxonomy":"product_tag","embeddable":true,"href":"https:\/\/all-pets.de\/shop\/wp-json\/wp\/v2\/product_tag?post=45650"}],"curies":[{"name":"wp","href":"https:\/\/api.w.org\/{rel}","templated":true}]}}