{"id":45658,"date":"2023-12-12T10:49:14","date_gmt":"2023-12-12T09:49:14","guid":{"rendered":"https:\/\/pet-shopping.de\/shop\/produkt\/trixie-erste-hilfe-set-fuer-hunde-und-katzen\/"},"modified":"2023-12-12T10:49:17","modified_gmt":"2023-12-12T09:49:17","slug":"trixie-erste-hilfe-set-fuer-hunde-und-katzen","status":"publish","type":"product","link":"https:\/\/all-pets.de\/shop\/produkt\/trixie-erste-hilfe-set-fuer-hunde-und-katzen\/","title":{"rendered":"Trixie Erste Hilfe-Set f\u00fcr Hunde und Katzen"},"content":{"rendered":"<p>Diese praktische Nylontasche mit Rei\u00dfverschluss und Klettverschluss an der R\u00fcckseite zum Befestigen z.B. am G\u00fcrtel, beinhaltet alles, was man f\u00fcr die Erste Hilfe bei Hunden und Katzen ben\u00f6tigt und was in keinem Haustierhaushalt fehlen sollte. <\/p>\n<p>In der Tasche befinden sich:<br \/> &#8211; 1 Wundkompresse, steril<br \/> &#8211; 1 Verbandp\u00e4ckchen, steril<br \/> &#8211; 1 Fixierbinde, steril<br \/> &#8211; 1 Heftpflasterspule<br \/> &#8211; 2 Alkoholtupfer<br \/> &#8211; 1 Einwegspritze, 20 ml<br \/> &#8211; 1 Pinzette<br \/> &#8211; 1 Paar Latexhandschuhe<br \/> &#8211; 1 Maulschlaufe<br \/> &#8211; 1 Floh- und L\u00e4usekamm<br \/> &#8211; 1 Zeckenzange<br \/> &#8211; inklusive Buch mit wertvollen Tipps zur richtigen Erstversorgung<\/p>\n<p>Ma\u00dfe der Tasche: ca. 20 x 16 cm<\/p>\n","protected":false},"excerpt":{"rendered":"<p>Diese praktische Nylontasche mit Rei\u00dfverschluss und Klettverschluss an der R\u00fcckseite zum Befestigen z.B. am G\u00fcrtel, beinhaltet alles, was man f\u00fcr die Erste Hilfe bei Hunden und Katzen ben\u00f6tigt und was in keinem Haustierhaushalt fehlen sollte. In der Tasche befinden sich: &#8211; 1 Wundkompresse, steril &#8211; 1 Verbandp\u00e4ckchen, steril &#8211; 1 Fixierbinde, steril &#8211; 1 Heftpflasterspule [&hellip;]<\/p>\n","protected":false},"featured_media":25636,"comment_status":"closed","ping_status":"open","template":"","meta":[],"product_cat":[14097],"product_tag":[],"class_list":{"0":"post-45658","1":"product","2":"type-product","3":"status-publish","4":"has-post-thumbnail","6":"product_cat-katzen-apotheke-pflege-gesundheit-nuetzliche-helferkatzenwelt-haus-hof-sicherheithundewelt-unterwegs-mehr-pflegeproduktehundewelt","8":"first","9":"instock","10":"taxable","11":"shipping-taxable","12":"purchasable","13":"product-type-simple"},"_links":{"self":[{"href":"https:\/\/all-pets.de\/shop\/wp-json\/wp\/v2\/product\/45658","targetHints":{"allow":["GET"]}}],"collection":[{"href":"https:\/\/all-pets.de\/shop\/wp-json\/wp\/v2\/product"}],"about":[{"href":"https:\/\/all-pets.de\/shop\/wp-json\/wp\/v2\/types\/product"}],"replies":[{"embeddable":true,"href":"https:\/\/all-pets.de\/shop\/wp-json\/wp\/v2\/comments?post=45658"}],"wp:featuredmedia":[{"embeddable":true,"href":"https:\/\/all-pets.de\/shop\/wp-json\/wp\/v2\/media\/25636"}],"wp:attachment":[{"href":"https:\/\/all-pets.de\/shop\/wp-json\/wp\/v2\/media?parent=45658"}],"wp:term":[{"taxonomy":"product_cat","embeddable":true,"href":"https:\/\/all-pets.de\/shop\/wp-json\/wp\/v2\/product_cat?post=45658"},{"taxonomy":"product_tag","embeddable":true,"href":"https:\/\/all-pets.de\/shop\/wp-json\/wp\/v2\/product_tag?post=45658"}],"curies":[{"name":"wp","href":"https:\/\/api.w.org\/{rel}","templated":true}]}}