{"id":45688,"date":"2023-12-12T10:49:24","date_gmt":"2023-12-12T09:49:24","guid":{"rendered":"https:\/\/pet-shopping.de\/shop\/produkt\/trixie-adressanhaenger-blau-rot\/"},"modified":"2023-12-12T10:49:26","modified_gmt":"2023-12-12T09:49:26","slug":"trixie-adressanhaenger-blau-rot","status":"publish","type":"product","link":"https:\/\/all-pets.de\/shop\/produkt\/trixie-adressanhaenger-blau-rot\/","title":{"rendered":"Trixie Adressanh\u00e4nger &#8211; blau-rot"},"content":{"rendered":"<p>Adressanh\u00e4nger aus Metall zum Aufdrehen. Im Inneren befindet sich ein kleiner Zettel, auf dem Adresse, Telefonnummer etc. notiert werden k\u00f6nnen.<\/p>\n<p>Farbe: Blau-Rot<br \/> Gr\u00f6\u00dfe: ca. 3 x 0,9 cm (L\u00e4nge x Durchmesser)<\/p>\n<p><\/p>\n","protected":false},"excerpt":{"rendered":"<p>Adressanh\u00e4nger aus Metall zum Aufdrehen. Im Inneren befindet sich ein kleiner Zettel, auf dem Adresse, Telefonnummer etc. notiert werden k\u00f6nnen. Farbe: Blau-Rot Gr\u00f6\u00dfe: ca. 3 x 0,9 cm (L\u00e4nge x Durchmesser)<\/p>\n","protected":false},"featured_media":25676,"comment_status":"closed","ping_status":"open","template":"","meta":[],"product_cat":[13787],"product_tag":[],"class_list":{"0":"post-45688","1":"product","2":"type-product","3":"status-publish","4":"has-post-thumbnail","6":"product_cat-hundeadressanhaenger-blinker","8":"first","9":"instock","10":"taxable","11":"shipping-taxable","12":"purchasable","13":"product-type-simple"},"_links":{"self":[{"href":"https:\/\/all-pets.de\/shop\/wp-json\/wp\/v2\/product\/45688","targetHints":{"allow":["GET"]}}],"collection":[{"href":"https:\/\/all-pets.de\/shop\/wp-json\/wp\/v2\/product"}],"about":[{"href":"https:\/\/all-pets.de\/shop\/wp-json\/wp\/v2\/types\/product"}],"replies":[{"embeddable":true,"href":"https:\/\/all-pets.de\/shop\/wp-json\/wp\/v2\/comments?post=45688"}],"wp:featuredmedia":[{"embeddable":true,"href":"https:\/\/all-pets.de\/shop\/wp-json\/wp\/v2\/media\/25676"}],"wp:attachment":[{"href":"https:\/\/all-pets.de\/shop\/wp-json\/wp\/v2\/media?parent=45688"}],"wp:term":[{"taxonomy":"product_cat","embeddable":true,"href":"https:\/\/all-pets.de\/shop\/wp-json\/wp\/v2\/product_cat?post=45688"},{"taxonomy":"product_tag","embeddable":true,"href":"https:\/\/all-pets.de\/shop\/wp-json\/wp\/v2\/product_tag?post=45688"}],"curies":[{"name":"wp","href":"https:\/\/api.w.org\/{rel}","templated":true}]}}