{"id":45699,"date":"2023-12-12T10:49:24","date_gmt":"2023-12-12T09:49:24","guid":{"rendered":"https:\/\/pet-shopping.de\/shop\/produkt\/trixie-safecard-zeckenentferner\/"},"modified":"2023-12-12T10:49:27","modified_gmt":"2023-12-12T09:49:27","slug":"trixie-safecard-zeckenentferner","status":"publish","type":"product","link":"https:\/\/all-pets.de\/shop\/produkt\/trixie-safecard-zeckenentferner\/","title":{"rendered":"Trixie SafeCard Zeckenentferner"},"content":{"rendered":"<p>Der Zeckenentferner SafeCard besteht aus Kunststoff und erm\u00f6glicht ein m\u00fcheloses Entfernen von Zecken. Die kleine Zusatzklemme an der Unterkante eignet sich zus\u00e4tzlich zum Entfernen von Stacheln und Splittern.<\/p>\n<p>Praktisch im Scheckkartenformat.<br \/> Farbe: Wei\u00df<br \/> Ma\u00dfe: ca. 8,5 x 5,5 cm<\/p>\n","protected":false},"excerpt":{"rendered":"<p>Der Zeckenentferner SafeCard besteht aus Kunststoff und erm\u00f6glicht ein m\u00fcheloses Entfernen von Zecken. Die kleine Zusatzklemme an der Unterkante eignet sich zus\u00e4tzlich zum Entfernen von Stacheln und Splittern. Praktisch im Scheckkartenformat. Farbe: Wei\u00df Ma\u00dfe: ca. 8,5 x 5,5 cm<\/p>\n","protected":false},"featured_media":25706,"comment_status":"closed","ping_status":"open","template":"","meta":[],"product_cat":[13759],"product_tag":[],"class_list":{"0":"post-45699","1":"product","2":"type-product","3":"status-publish","4":"has-post-thumbnail","6":"product_cat-ungeziefer-schutz","8":"first","9":"instock","10":"taxable","11":"shipping-taxable","12":"purchasable","13":"product-type-simple"},"_links":{"self":[{"href":"https:\/\/all-pets.de\/shop\/wp-json\/wp\/v2\/product\/45699","targetHints":{"allow":["GET"]}}],"collection":[{"href":"https:\/\/all-pets.de\/shop\/wp-json\/wp\/v2\/product"}],"about":[{"href":"https:\/\/all-pets.de\/shop\/wp-json\/wp\/v2\/types\/product"}],"replies":[{"embeddable":true,"href":"https:\/\/all-pets.de\/shop\/wp-json\/wp\/v2\/comments?post=45699"}],"wp:featuredmedia":[{"embeddable":true,"href":"https:\/\/all-pets.de\/shop\/wp-json\/wp\/v2\/media\/25706"}],"wp:attachment":[{"href":"https:\/\/all-pets.de\/shop\/wp-json\/wp\/v2\/media?parent=45699"}],"wp:term":[{"taxonomy":"product_cat","embeddable":true,"href":"https:\/\/all-pets.de\/shop\/wp-json\/wp\/v2\/product_cat?post=45699"},{"taxonomy":"product_tag","embeddable":true,"href":"https:\/\/all-pets.de\/shop\/wp-json\/wp\/v2\/product_tag?post=45699"}],"curies":[{"name":"wp","href":"https:\/\/api.w.org\/{rel}","templated":true}]}}