{"id":45700,"date":"2023-12-12T10:49:29","date_gmt":"2023-12-12T09:49:29","guid":{"rendered":"https:\/\/pet-shopping.de\/shop\/produkt\/trixie-holz-buerste-einseitig-18-x-10-cm\/"},"modified":"2023-12-12T10:49:29","modified_gmt":"2023-12-12T09:49:29","slug":"trixie-holz-buerste-einseitig-18-x-10-cm","status":"publish","type":"product","link":"https:\/\/all-pets.de\/shop\/produkt\/trixie-holz-buerste-einseitig-18-x-10-cm\/","title":{"rendered":"Trixie Holz-B\u00fcrste einseitig &#8211; 18 x 10 cm"},"content":{"rendered":"<p>Diese B\u00fcrste des Herstellers Trixie verhindert ein Verkletten und Verfilzen des Fells. Sie ist besonders zum K\u00e4mmen dichter Unterwolle geeignet.<\/p>\n<p>Die B\u00fcrste besteht aus Holz uns die weichen Borsten sind mit Noppen versehen.<\/p>\n<p>Gr\u00f6\u00dfe: ca. 10 x 18 cm <br \/> Borstenfeld: ca. 7,5 x 3,5 cm<\/p>\n<p>F\u00fcr folgende Felltypen geeignet: Langhaar, Rauhaar, Kurzhaar und Lockhaar.<\/p>\n","protected":false},"excerpt":{"rendered":"<p>Diese B\u00fcrste des Herstellers Trixie verhindert ein Verkletten und Verfilzen des Fells. Sie ist besonders zum K\u00e4mmen dichter Unterwolle geeignet. Die B\u00fcrste besteht aus Holz uns die weichen Borsten sind mit Noppen versehen. Gr\u00f6\u00dfe: ca. 10 x 18 cm Borstenfeld: ca. 7,5 x 3,5 cm F\u00fcr folgende Felltypen geeignet: Langhaar, Rauhaar, Kurzhaar und Lockhaar.<\/p>\n","protected":false},"featured_media":25708,"comment_status":"closed","ping_status":"open","template":"","meta":[],"product_cat":[14108],"product_tag":[],"class_list":{"0":"post-45700","1":"product","2":"type-product","3":"status-publish","4":"has-post-thumbnail","6":"product_cat-katzenbuersten-striegel","8":"first","9":"instock","10":"taxable","11":"shipping-taxable","12":"purchasable","13":"product-type-simple"},"_links":{"self":[{"href":"https:\/\/all-pets.de\/shop\/wp-json\/wp\/v2\/product\/45700","targetHints":{"allow":["GET"]}}],"collection":[{"href":"https:\/\/all-pets.de\/shop\/wp-json\/wp\/v2\/product"}],"about":[{"href":"https:\/\/all-pets.de\/shop\/wp-json\/wp\/v2\/types\/product"}],"replies":[{"embeddable":true,"href":"https:\/\/all-pets.de\/shop\/wp-json\/wp\/v2\/comments?post=45700"}],"wp:featuredmedia":[{"embeddable":true,"href":"https:\/\/all-pets.de\/shop\/wp-json\/wp\/v2\/media\/25708"}],"wp:attachment":[{"href":"https:\/\/all-pets.de\/shop\/wp-json\/wp\/v2\/media?parent=45700"}],"wp:term":[{"taxonomy":"product_cat","embeddable":true,"href":"https:\/\/all-pets.de\/shop\/wp-json\/wp\/v2\/product_cat?post=45700"},{"taxonomy":"product_tag","embeddable":true,"href":"https:\/\/all-pets.de\/shop\/wp-json\/wp\/v2\/product_tag?post=45700"}],"curies":[{"name":"wp","href":"https:\/\/api.w.org\/{rel}","templated":true}]}}