{"id":45702,"date":"2023-12-12T10:49:29","date_gmt":"2023-12-12T09:49:29","guid":{"rendered":"https:\/\/pet-shopping.de\/shop\/produkt\/trixie-holzbuerste-beidseitig-klein\/"},"modified":"2023-12-12T10:49:29","modified_gmt":"2023-12-12T09:49:29","slug":"trixie-holzbuerste-beidseitig-klein","status":"publish","type":"product","link":"https:\/\/all-pets.de\/shop\/produkt\/trixie-holzbuerste-beidseitig-klein\/","title":{"rendered":"Trixie Holzb\u00fcrste &#8211; beidseitig, klein"},"content":{"rendered":"<div id=\"test_product_longdesc\">\n<p>Diese B\u00fcrste des Herstellers Trixie dient zur schonenden Pflege des Deckhaars und der Unterwolle. Die B\u00fcrste besteht aus Holz. Die Borsten sind aus Draht und haben Endnoppen. Auf der R\u00fcckseite hat diese B\u00fcrste Nylonborsten.<\/p>\n<p>Geeignet f\u00fcr folgende Felltypen: Langhaar, Zotthaar und Stockhaar<\/p>\n<p>Gr\u00f6\u00dfe: ca. 6 x 17 cm<\/p>\n<\/div>\n","protected":false},"excerpt":{"rendered":"<p>Diese B\u00fcrste des Herstellers Trixie dient zur schonenden Pflege des Deckhaars und der Unterwolle. Die B\u00fcrste besteht aus Holz. Die Borsten sind aus Draht und haben Endnoppen. Auf der R\u00fcckseite hat diese B\u00fcrste Nylonborsten. Geeignet f\u00fcr folgende Felltypen: Langhaar, Zotthaar und Stockhaar Gr\u00f6\u00dfe: ca. 6 x 17 cm<\/p>\n","protected":false},"featured_media":25724,"comment_status":"closed","ping_status":"open","template":"","meta":[],"product_cat":[14109],"product_tag":[],"class_list":{"0":"post-45702","1":"product","2":"type-product","3":"status-publish","4":"has-post-thumbnail","6":"product_cat-hundebuersten-striegel","8":"first","9":"instock","10":"taxable","11":"shipping-taxable","12":"purchasable","13":"product-type-simple"},"_links":{"self":[{"href":"https:\/\/all-pets.de\/shop\/wp-json\/wp\/v2\/product\/45702","targetHints":{"allow":["GET"]}}],"collection":[{"href":"https:\/\/all-pets.de\/shop\/wp-json\/wp\/v2\/product"}],"about":[{"href":"https:\/\/all-pets.de\/shop\/wp-json\/wp\/v2\/types\/product"}],"replies":[{"embeddable":true,"href":"https:\/\/all-pets.de\/shop\/wp-json\/wp\/v2\/comments?post=45702"}],"wp:featuredmedia":[{"embeddable":true,"href":"https:\/\/all-pets.de\/shop\/wp-json\/wp\/v2\/media\/25724"}],"wp:attachment":[{"href":"https:\/\/all-pets.de\/shop\/wp-json\/wp\/v2\/media?parent=45702"}],"wp:term":[{"taxonomy":"product_cat","embeddable":true,"href":"https:\/\/all-pets.de\/shop\/wp-json\/wp\/v2\/product_cat?post=45702"},{"taxonomy":"product_tag","embeddable":true,"href":"https:\/\/all-pets.de\/shop\/wp-json\/wp\/v2\/product_tag?post=45702"}],"curies":[{"name":"wp","href":"https:\/\/api.w.org\/{rel}","templated":true}]}}