{"id":45704,"date":"2023-12-12T10:49:29","date_gmt":"2023-12-12T09:49:29","guid":{"rendered":"https:\/\/pet-shopping.de\/shop\/produkt\/trixie-katzenbuerste-mit-naturborsten\/"},"modified":"2023-12-12T10:49:30","modified_gmt":"2023-12-12T09:49:30","slug":"trixie-katzenbuerste-mit-naturborsten","status":"publish","type":"product","link":"https:\/\/all-pets.de\/shop\/produkt\/trixie-katzenbuerste-mit-naturborsten\/","title":{"rendered":"Trixie Katzenb\u00fcrste mit Naturborsten"},"content":{"rendered":"<p>Generell \u00fcbernehmen Katzen die Pflege ihres Haarkleides selber. Trotzdem kann eine unterst\u00fctzende Fellpflege sehr wichtig sein. Zuerst einmal wird man als Katzenbesitzer schneller auf versteckte Wunden, Zecken und andere Parasiten aufmerksam. <\/p>\n<p>Au\u00dferdem sollten lose Haare regelm\u00e4\u00dfig entfernt werden, denn je mehr lose Haare eine Katze beim Lecken aufnimmt, desto gr\u00f6\u00dfer ist die Wahrscheinlichkeit einer Haarballenbildung im Katzenmagen. <\/p>\n<p>Zum Entfernen dieser losen Haare eignet sich besonders die Katzenb\u00fcrste mit den Naturborsten. Das Fell l\u00e4sst sich leicht b\u00fcrsten und erh\u00e4lt einen seidigen, gesunden Glanz. Die B\u00fcrste ist mit einem Holzgriff ausgestattet.<\/p>\n<p>Die Naturborsten bieten den Vorteil, dass das Fell sich nicht statisch aufl\u00e4dt und somit leichter gepflegt werden kann. <\/p>\n<p>Gr\u00f6\u00dfe: ca. 18 x 5 cm <br \/> Borstenfeld: ca. 4 x 8 cm<\/p>\n","protected":false},"excerpt":{"rendered":"<p>Generell \u00fcbernehmen Katzen die Pflege ihres Haarkleides selber. Trotzdem kann eine unterst\u00fctzende Fellpflege sehr wichtig sein. Zuerst einmal wird man als Katzenbesitzer schneller auf versteckte Wunden, Zecken und andere Parasiten aufmerksam. Au\u00dferdem sollten lose Haare regelm\u00e4\u00dfig entfernt werden, denn je mehr lose Haare eine Katze beim Lecken aufnimmt, desto gr\u00f6\u00dfer ist die Wahrscheinlichkeit einer Haarballenbildung [&hellip;]<\/p>\n","protected":false},"featured_media":25728,"comment_status":"closed","ping_status":"open","template":"","meta":[],"product_cat":[14110],"product_tag":[],"class_list":{"0":"post-45704","1":"product","2":"type-product","3":"status-publish","4":"has-post-thumbnail","6":"product_cat-katzenbuersten-striegel-fellpflege-pflege-gesundheit-katzenwelt","8":"first","9":"instock","10":"taxable","11":"shipping-taxable","12":"purchasable","13":"product-type-simple"},"_links":{"self":[{"href":"https:\/\/all-pets.de\/shop\/wp-json\/wp\/v2\/product\/45704","targetHints":{"allow":["GET"]}}],"collection":[{"href":"https:\/\/all-pets.de\/shop\/wp-json\/wp\/v2\/product"}],"about":[{"href":"https:\/\/all-pets.de\/shop\/wp-json\/wp\/v2\/types\/product"}],"replies":[{"embeddable":true,"href":"https:\/\/all-pets.de\/shop\/wp-json\/wp\/v2\/comments?post=45704"}],"wp:featuredmedia":[{"embeddable":true,"href":"https:\/\/all-pets.de\/shop\/wp-json\/wp\/v2\/media\/25728"}],"wp:attachment":[{"href":"https:\/\/all-pets.de\/shop\/wp-json\/wp\/v2\/media?parent=45704"}],"wp:term":[{"taxonomy":"product_cat","embeddable":true,"href":"https:\/\/all-pets.de\/shop\/wp-json\/wp\/v2\/product_cat?post=45704"},{"taxonomy":"product_tag","embeddable":true,"href":"https:\/\/all-pets.de\/shop\/wp-json\/wp\/v2\/product_tag?post=45704"}],"curies":[{"name":"wp","href":"https:\/\/api.w.org\/{rel}","templated":true}]}}