{"id":45706,"date":"2023-12-12T10:49:29","date_gmt":"2023-12-12T09:49:29","guid":{"rendered":"https:\/\/pet-shopping.de\/shop\/produkt\/trixie-pflegestriegel-fuer-kurz-und-rauhaar\/"},"modified":"2023-12-12T10:49:30","modified_gmt":"2023-12-12T09:49:30","slug":"trixie-pflegestriegel-fuer-kurz-und-rauhaar","status":"publish","type":"product","link":"https:\/\/all-pets.de\/shop\/produkt\/trixie-pflegestriegel-fuer-kurz-und-rauhaar\/","title":{"rendered":"Trixie Pflegestriegel f\u00fcr Kurz- und Rauhaar"},"content":{"rendered":"<p>Dieser Pflegestriegel besteht aus Gummi und ist mit einer verstellbaren Handschlaufe ausgestattet. Die Stahlstifte sind rostfrei und an den Enden mit Naoppen ausgestattet. <\/p>\n<p>Der Striegel eignet sich speziell f\u00fcr Kurzhaar und Rauhaar.<\/p>\n<p>Beispiele f\u00fcr Kurzhaar: Labrador, Rottweiler, Beagle, Mops.<br \/> Beispiele f\u00fcr Rauhaar: Rauhaardackel, Airedale Terrier, Cairn Terrier, Fox Terrier, Schnauzer.<\/p>\n<p>Ma\u00dfe: ca. 8 x 13 cm<\/p>\n","protected":false},"excerpt":{"rendered":"<p>Dieser Pflegestriegel besteht aus Gummi und ist mit einer verstellbaren Handschlaufe ausgestattet. Die Stahlstifte sind rostfrei und an den Enden mit Naoppen ausgestattet. Der Striegel eignet sich speziell f\u00fcr Kurzhaar und Rauhaar. Beispiele f\u00fcr Kurzhaar: Labrador, Rottweiler, Beagle, Mops. Beispiele f\u00fcr Rauhaar: Rauhaardackel, Airedale Terrier, Cairn Terrier, Fox Terrier, Schnauzer. Ma\u00dfe: ca. 8 x 13 [&hellip;]<\/p>\n","protected":false},"featured_media":25732,"comment_status":"closed","ping_status":"open","template":"","meta":[],"product_cat":[14112],"product_tag":[],"class_list":{"0":"post-45706","1":"product","2":"type-product","3":"status-publish","4":"has-post-thumbnail","6":"product_cat-hundebuersten-striegel-fellpflege-pflege-gesundheit-hundewelt","8":"first","9":"instock","10":"taxable","11":"shipping-taxable","12":"purchasable","13":"product-type-simple"},"_links":{"self":[{"href":"https:\/\/all-pets.de\/shop\/wp-json\/wp\/v2\/product\/45706","targetHints":{"allow":["GET"]}}],"collection":[{"href":"https:\/\/all-pets.de\/shop\/wp-json\/wp\/v2\/product"}],"about":[{"href":"https:\/\/all-pets.de\/shop\/wp-json\/wp\/v2\/types\/product"}],"replies":[{"embeddable":true,"href":"https:\/\/all-pets.de\/shop\/wp-json\/wp\/v2\/comments?post=45706"}],"wp:featuredmedia":[{"embeddable":true,"href":"https:\/\/all-pets.de\/shop\/wp-json\/wp\/v2\/media\/25732"}],"wp:attachment":[{"href":"https:\/\/all-pets.de\/shop\/wp-json\/wp\/v2\/media?parent=45706"}],"wp:term":[{"taxonomy":"product_cat","embeddable":true,"href":"https:\/\/all-pets.de\/shop\/wp-json\/wp\/v2\/product_cat?post=45706"},{"taxonomy":"product_tag","embeddable":true,"href":"https:\/\/all-pets.de\/shop\/wp-json\/wp\/v2\/product_tag?post=45706"}],"curies":[{"name":"wp","href":"https:\/\/api.w.org\/{rel}","templated":true}]}}