{"id":45707,"date":"2023-12-12T10:49:29","date_gmt":"2023-12-12T09:49:29","guid":{"rendered":"https:\/\/pet-shopping.de\/shop\/produkt\/trixie-pick-up-beutelspender-inkl-2-rollen-a-20-beutel\/"},"modified":"2023-12-12T10:49:30","modified_gmt":"2023-12-12T09:49:30","slug":"trixie-pick-up-beutelspender-inkl-2-rollen-a-20-beutel","status":"publish","type":"product","link":"https:\/\/all-pets.de\/shop\/produkt\/trixie-pick-up-beutelspender-inkl-2-rollen-a-20-beutel\/","title":{"rendered":"Trixie Pick Up Beutelspender inkl. 2 Rollen a 20 Beutel"},"content":{"rendered":"<p>Der Beutelspender aus stabilem Kunststoff verf\u00fcgt \u00fcber eine seitliche \u00d6ffnung, durch die die Kotbeutel ganz einfach herausgezogen werden k\u00f6nnen. Der Karabinerhaken erm\u00f6glicht eine Befestigung an Leine oder Halsband bzw. G\u00fcrtelschlaufe des Halters.<\/p>\n<p>Inklusive zwei Rollen Kotbeutel (schwarz) mit je 20 Beuteln.<\/p>\n<p>Diverse Farben. Eine Farbwahl des Spenders ist leider nicht m\u00f6glich, da die Farbe je nach Lagerbestand gew\u00e4hlt wird.<\/p>\n","protected":false},"excerpt":{"rendered":"<p>Der Beutelspender aus stabilem Kunststoff verf\u00fcgt \u00fcber eine seitliche \u00d6ffnung, durch die die Kotbeutel ganz einfach herausgezogen werden k\u00f6nnen. Der Karabinerhaken erm\u00f6glicht eine Befestigung an Leine oder Halsband bzw. G\u00fcrtelschlaufe des Halters. Inklusive zwei Rollen Kotbeutel (schwarz) mit je 20 Beuteln. Diverse Farben. Eine Farbwahl des Spenders ist leider nicht m\u00f6glich, da die Farbe je [&hellip;]<\/p>\n","protected":false},"featured_media":25735,"comment_status":"closed","ping_status":"open","template":"","meta":[],"product_cat":[13757],"product_tag":[],"class_list":{"0":"post-45707","1":"product","2":"type-product","3":"status-publish","4":"has-post-thumbnail","6":"product_cat-hundetoiletten-hygiene","8":"first","9":"instock","10":"taxable","11":"shipping-taxable","12":"purchasable","13":"product-type-simple"},"_links":{"self":[{"href":"https:\/\/all-pets.de\/shop\/wp-json\/wp\/v2\/product\/45707","targetHints":{"allow":["GET"]}}],"collection":[{"href":"https:\/\/all-pets.de\/shop\/wp-json\/wp\/v2\/product"}],"about":[{"href":"https:\/\/all-pets.de\/shop\/wp-json\/wp\/v2\/types\/product"}],"replies":[{"embeddable":true,"href":"https:\/\/all-pets.de\/shop\/wp-json\/wp\/v2\/comments?post=45707"}],"wp:featuredmedia":[{"embeddable":true,"href":"https:\/\/all-pets.de\/shop\/wp-json\/wp\/v2\/media\/25735"}],"wp:attachment":[{"href":"https:\/\/all-pets.de\/shop\/wp-json\/wp\/v2\/media?parent=45707"}],"wp:term":[{"taxonomy":"product_cat","embeddable":true,"href":"https:\/\/all-pets.de\/shop\/wp-json\/wp\/v2\/product_cat?post=45707"},{"taxonomy":"product_tag","embeddable":true,"href":"https:\/\/all-pets.de\/shop\/wp-json\/wp\/v2\/product_tag?post=45707"}],"curies":[{"name":"wp","href":"https:\/\/api.w.org\/{rel}","templated":true}]}}