{"id":45722,"date":"2023-12-12T10:49:33","date_gmt":"2023-12-12T09:49:33","guid":{"rendered":"https:\/\/pet-shopping.de\/shop\/produkt\/trixie-entwirrungskamm-mit-rotierenden-stiften\/"},"modified":"2023-12-12T10:49:33","modified_gmt":"2023-12-12T09:49:33","slug":"trixie-entwirrungskamm-mit-rotierenden-stiften","status":"publish","type":"product","link":"https:\/\/all-pets.de\/shop\/produkt\/trixie-entwirrungskamm-mit-rotierenden-stiften\/","title":{"rendered":"Trixie Entwirrungskamm mit rotierenden Stiften"},"content":{"rendered":"<p>Der Entwirrungskamm f\u00fcr Katzen und kleine Hunde entwirrt m\u00fchelos das Fell Ihres Tieres. <\/p>\n<p>Mit Hilfe der rotierenden Zinken gleitet der Kamm leichter durch das Fell, ohne zu zupfen oder die Haut zu verletzen.<\/p>\n<p>Gr\u00f6\u00dfe: 13 cm<br \/> L\u00e4nge der Zinken: ca. 1,8 cm<\/p>\n<p>\u00a0<\/p>\n<p><\/p>\n","protected":false},"excerpt":{"rendered":"<p>Der Entwirrungskamm f\u00fcr Katzen und kleine Hunde entwirrt m\u00fchelos das Fell Ihres Tieres. Mit Hilfe der rotierenden Zinken gleitet der Kamm leichter durch das Fell, ohne zu zupfen oder die Haut zu verletzen. Gr\u00f6\u00dfe: 13 cm L\u00e4nge der Zinken: ca. 1,8 cm \u00a0<\/p>\n","protected":false},"featured_media":25800,"comment_status":"closed","ping_status":"open","template":"","meta":[],"product_cat":[14133],"product_tag":[],"class_list":{"0":"post-45722","1":"product","2":"type-product","3":"status-publish","4":"has-post-thumbnail","6":"product_cat-entfilzungskaemme","8":"first","9":"instock","10":"taxable","11":"shipping-taxable","12":"purchasable","13":"product-type-simple"},"_links":{"self":[{"href":"https:\/\/all-pets.de\/shop\/wp-json\/wp\/v2\/product\/45722","targetHints":{"allow":["GET"]}}],"collection":[{"href":"https:\/\/all-pets.de\/shop\/wp-json\/wp\/v2\/product"}],"about":[{"href":"https:\/\/all-pets.de\/shop\/wp-json\/wp\/v2\/types\/product"}],"replies":[{"embeddable":true,"href":"https:\/\/all-pets.de\/shop\/wp-json\/wp\/v2\/comments?post=45722"}],"wp:featuredmedia":[{"embeddable":true,"href":"https:\/\/all-pets.de\/shop\/wp-json\/wp\/v2\/media\/25800"}],"wp:attachment":[{"href":"https:\/\/all-pets.de\/shop\/wp-json\/wp\/v2\/media?parent=45722"}],"wp:term":[{"taxonomy":"product_cat","embeddable":true,"href":"https:\/\/all-pets.de\/shop\/wp-json\/wp\/v2\/product_cat?post=45722"},{"taxonomy":"product_tag","embeddable":true,"href":"https:\/\/all-pets.de\/shop\/wp-json\/wp\/v2\/product_tag?post=45722"}],"curies":[{"name":"wp","href":"https:\/\/api.w.org\/{rel}","templated":true}]}}