{"id":45741,"date":"2023-12-12T10:49:33","date_gmt":"2023-12-12T09:49:33","guid":{"rendered":"https:\/\/pet-shopping.de\/shop\/produkt\/trixie-edelstahlnapf-mit-praegung-02-l\/"},"modified":"2023-12-12T10:49:41","modified_gmt":"2023-12-12T09:49:41","slug":"trixie-edelstahlnapf-mit-praegung-02-l","status":"publish","type":"product","link":"https:\/\/all-pets.de\/shop\/produkt\/trixie-edelstahlnapf-mit-praegung-02-l\/","title":{"rendered":"Trixie Edelstahlnapf mit Pr\u00e4gung &#8211; 0,2 l"},"content":{"rendered":"<p>Rostfreier Edelstahlnapf f\u00fcr Katzen mit Gummiring f\u00fcr Rutschfestigkeit. Au\u00dfen mit niedlichen Fisch-Pr\u00e4gungen versehen. Schwere Ausf\u00fchrung.<\/p>\n<p>Fassungsverm\u00f6gen: ca. 0,2 l<br \/> Au\u00dfendurchmesser unten: ca. 16,5 cm<br \/> Durchmesser Oberkante: ca. 11 cm<\/p>\n","protected":false},"excerpt":{"rendered":"<p>Rostfreier Edelstahlnapf f\u00fcr Katzen mit Gummiring f\u00fcr Rutschfestigkeit. Au\u00dfen mit niedlichen Fisch-Pr\u00e4gungen versehen. Schwere Ausf\u00fchrung. Fassungsverm\u00f6gen: ca. 0,2 l Au\u00dfendurchmesser unten: ca. 16,5 cm Durchmesser Oberkante: ca. 11 cm<\/p>\n","protected":false},"featured_media":25883,"comment_status":"closed","ping_status":"open","template":"","meta":[],"product_cat":[13740],"product_tag":[],"class_list":{"0":"post-45741","1":"product","2":"type-product","3":"status-publish","4":"has-post-thumbnail","6":"product_cat-futter-wassernaepfe","8":"first","9":"instock","10":"taxable","11":"shipping-taxable","12":"purchasable","13":"product-type-simple"},"_links":{"self":[{"href":"https:\/\/all-pets.de\/shop\/wp-json\/wp\/v2\/product\/45741","targetHints":{"allow":["GET"]}}],"collection":[{"href":"https:\/\/all-pets.de\/shop\/wp-json\/wp\/v2\/product"}],"about":[{"href":"https:\/\/all-pets.de\/shop\/wp-json\/wp\/v2\/types\/product"}],"replies":[{"embeddable":true,"href":"https:\/\/all-pets.de\/shop\/wp-json\/wp\/v2\/comments?post=45741"}],"wp:featuredmedia":[{"embeddable":true,"href":"https:\/\/all-pets.de\/shop\/wp-json\/wp\/v2\/media\/25883"}],"wp:attachment":[{"href":"https:\/\/all-pets.de\/shop\/wp-json\/wp\/v2\/media?parent=45741"}],"wp:term":[{"taxonomy":"product_cat","embeddable":true,"href":"https:\/\/all-pets.de\/shop\/wp-json\/wp\/v2\/product_cat?post=45741"},{"taxonomy":"product_tag","embeddable":true,"href":"https:\/\/all-pets.de\/shop\/wp-json\/wp\/v2\/product_tag?post=45741"}],"curies":[{"name":"wp","href":"https:\/\/api.w.org\/{rel}","templated":true}]}}