{"id":45744,"date":"2023-12-12T10:49:33","date_gmt":"2023-12-12T09:49:33","guid":{"rendered":"https:\/\/pet-shopping.de\/shop\/produkt\/trixie-hundebar-mit-edelstahlnaepfen-2-x-28-l\/"},"modified":"2023-12-12T10:49:42","modified_gmt":"2023-12-12T09:49:42","slug":"trixie-hundebar-mit-edelstahlnaepfen-2-x-28-l","status":"publish","type":"product","link":"https:\/\/all-pets.de\/shop\/produkt\/trixie-hundebar-mit-edelstahlnaepfen-2-x-28-l\/","title":{"rendered":"Trixie Hundebar mit Edelstahln\u00e4pfen &#8211; 2 x 2,8 l"},"content":{"rendered":"<p>&#8211; mit 2 rostfreien Edelstahln\u00e4pfen<br \/> &#8211; St\u00e4nder mit H-Fu\u00df, Metall, hammerschlageffekt-lackiert<br \/> &#8211; h\u00f6henverstellbar bis ca. 50 cm<br \/> &#8211; mit Napfarretierung und Klapperschutz<br \/> &#8211; die richtige Fresshaltung unterst\u00fctzt die Verdauung<br \/> &#8211; rutschfest durch Gummif\u00fc\u00dfe<br \/> &#8211; einfache Montage<br \/> &#8211; Fassungsverm\u00f6gen: 2 x 2,8 l<br \/> &#8211; Napfdurchmesser: ca. 24 cm <\/p>\n<p><strong>Details:<\/strong><\/p>\n<ul>\n<li>mit 2 Edelstahln\u00e4pfen<\/li>\n<li>St\u00e4nder mit H-Fu\u00df, Metall<\/li>\n<li>mit Napfarretierung und Klapperschutz<\/li>\n<li>die richtige Haltung unterst\u00fctzt die Verdauung<\/li>\n<\/ul>\n","protected":false},"excerpt":{"rendered":"<p>&#8211; mit 2 rostfreien Edelstahln\u00e4pfen &#8211; St\u00e4nder mit H-Fu\u00df, Metall, hammerschlageffekt-lackiert &#8211; h\u00f6henverstellbar bis ca. 50 cm &#8211; mit Napfarretierung und Klapperschutz &#8211; die richtige Fresshaltung unterst\u00fctzt die Verdauung &#8211; rutschfest durch Gummif\u00fc\u00dfe &#8211; einfache Montage &#8211; Fassungsverm\u00f6gen: 2 x 2,8 l &#8211; Napfdurchmesser: ca. 24 cm Details: mit 2 Edelstahln\u00e4pfen St\u00e4nder mit H-Fu\u00df, Metall [&hellip;]<\/p>\n","protected":false},"featured_media":25896,"comment_status":"closed","ping_status":"open","template":"","meta":[],"product_cat":[14149],"product_tag":[],"class_list":{"0":"post-45744","1":"product","2":"type-product","3":"status-publish","4":"has-post-thumbnail","6":"product_cat-napfstaender","8":"first","9":"instock","10":"taxable","11":"shipping-taxable","12":"purchasable","13":"product-type-simple"},"_links":{"self":[{"href":"https:\/\/all-pets.de\/shop\/wp-json\/wp\/v2\/product\/45744","targetHints":{"allow":["GET"]}}],"collection":[{"href":"https:\/\/all-pets.de\/shop\/wp-json\/wp\/v2\/product"}],"about":[{"href":"https:\/\/all-pets.de\/shop\/wp-json\/wp\/v2\/types\/product"}],"replies":[{"embeddable":true,"href":"https:\/\/all-pets.de\/shop\/wp-json\/wp\/v2\/comments?post=45744"}],"wp:featuredmedia":[{"embeddable":true,"href":"https:\/\/all-pets.de\/shop\/wp-json\/wp\/v2\/media\/25896"}],"wp:attachment":[{"href":"https:\/\/all-pets.de\/shop\/wp-json\/wp\/v2\/media?parent=45744"}],"wp:term":[{"taxonomy":"product_cat","embeddable":true,"href":"https:\/\/all-pets.de\/shop\/wp-json\/wp\/v2\/product_cat?post=45744"},{"taxonomy":"product_tag","embeddable":true,"href":"https:\/\/all-pets.de\/shop\/wp-json\/wp\/v2\/product_tag?post=45744"}],"curies":[{"name":"wp","href":"https:\/\/api.w.org\/{rel}","templated":true}]}}